CRAN Package Check Results for Package magic

Last updated on 2025-04-30 18:51:34 CEST.

Flavor Version Tinstall Tcheck Ttotal Status Flags
r-devel-linux-x86_64-debian-clang 1.6-1 3.78 54.26 58.04 NOTE
r-devel-linux-x86_64-debian-gcc 1.6-1 3.17 40.05 43.22 NOTE
r-devel-linux-x86_64-fedora-clang 1.6-1 88.31 OK
r-devel-linux-x86_64-fedora-gcc 1.6-1 98.94 OK
r-devel-windows-x86_64 1.6-1 5.00 110.00 115.00 OK
r-patched-linux-x86_64 1.6-1 4.10 50.21 54.31 OK
r-release-linux-x86_64 1.6-1 3.20 50.50 53.70 OK
r-release-macos-arm64 1.6-1 33.00 OK
r-release-macos-x86_64 1.6-1 77.00 OK
r-release-windows-x86_64 1.6-1 10.00 124.00 134.00 OK
r-oldrel-macos-arm64 1.6-1 38.00 OK
r-oldrel-macos-x86_64 1.6-1 52.00 OK
r-oldrel-windows-x86_64 1.6-1 8.00 94.00 102.00 OK

Check Details

Version: 1.6-1
Check: CRAN incoming feasibility
Result: NOTE Maintainer: ‘Robin K. S. Hankin <hankin.robin@gmail.com>’ Package CITATION file contains call(s) to old-style personList() or as.personList(). Please use c() on person objects instead. Package CITATION file contains call(s) to old-style citEntry(). Please use bibentry() instead. Flavors: r-devel-linux-x86_64-debian-clang, r-devel-linux-x86_64-debian-gcc