CRAN Package Check Results for Package magclass

Last updated on 2025-05-02 06:49:38 CEST.

Flavor Version Tinstall Tcheck Ttotal Status Flags
r-devel-linux-x86_64-debian-clang 6.13.2 9.60 124.52 134.12 NOTE
r-devel-linux-x86_64-debian-gcc 6.13.2 6.49 85.93 92.42 OK
r-devel-linux-x86_64-fedora-clang 6.13.2 211.44 OK
r-devel-linux-x86_64-fedora-gcc 6.13.2 216.17 OK
r-devel-windows-x86_64 6.13.2 12.00 153.00 165.00 OK
r-patched-linux-x86_64 6.13.2 11.27 113.99 125.26 OK
r-release-linux-x86_64 OK
r-release-macos-arm64 6.13.2 64.00 OK
r-release-macos-x86_64 6.13.2 127.00 OK
r-release-windows-x86_64 6.13.2 10.00 167.00 177.00 OK
r-oldrel-macos-arm64 6.13.2 58.00 NOTE
r-oldrel-macos-x86_64 6.13.2 95.00 NOTE
r-oldrel-windows-x86_64 6.13.2 11.00 173.00 184.00 NOTE

Check Details

Version: 6.13.2
Check: examples
Result: NOTE Examples with CPU (user + system) or elapsed time > 5s user system elapsed as.SpatRaster 6.989 0.082 7.972 Flavor: r-devel-linux-x86_64-debian-clang

Version: 6.13.2
Check: package dependencies
Result: NOTE Packages suggested but not available for checking: 'lpjmlkit', 'quitte' Flavors: r-oldrel-macos-arm64, r-oldrel-macos-x86_64

Version: 6.13.2
Check: package dependencies
Result: NOTE Package suggested but not available for checking: 'quitte' Flavor: r-oldrel-windows-x86_64