CRAN Package Check Results for Package lsr

Last updated on 2025-04-30 06:51:22 CEST.

Flavor Version Tinstall Tcheck Ttotal Status Flags
r-devel-linux-x86_64-debian-clang 0.5.2 3.81 33.84 37.65 NOTE
r-devel-linux-x86_64-debian-gcc 0.5.2 2.62 25.16 27.78 NOTE
r-devel-linux-x86_64-fedora-clang 0.5.2 57.11 OK
r-devel-linux-x86_64-fedora-gcc 0.5.2 54.63 OK
r-devel-windows-x86_64 0.5.2 5.00 76.00 81.00 OK
r-patched-linux-x86_64 0.5.2 4.53 31.48 36.01 OK
r-release-linux-x86_64 0.5.2 3.57 31.14 34.71 OK
r-release-macos-arm64 0.5.2 21.00 OK
r-release-macos-x86_64 0.5.2 48.00 OK
r-release-windows-x86_64 0.5.2 5.00 59.00 64.00 OK
r-oldrel-macos-arm64 0.5.2 25.00 OK
r-oldrel-macos-x86_64 0.5.2 30.00 OK
r-oldrel-windows-x86_64 0.5.2 6.00 62.00 68.00 OK

Check Details

Version: 0.5.2
Check: CRAN incoming feasibility
Result: NOTE Maintainer: ‘Danielle Navarro <djnavarro@protonmail.com>’ Package CITATION file contains call(s) to old-style citEntry(). Please use bibentry() instead. Flavors: r-devel-linux-x86_64-debian-clang, r-devel-linux-x86_64-debian-gcc