Last updated on 2025-04-30 18:51:34 CEST.
Flavor | Version | Tinstall | Tcheck | Ttotal | Status | Flags |
---|---|---|---|---|---|---|
r-devel-linux-x86_64-debian-clang | 1.4.1 | 19.50 | 208.17 | 227.67 | NOTE | |
r-devel-linux-x86_64-debian-gcc | 1.4.1 | 15.42 | 152.86 | 168.28 | NOTE | |
r-devel-linux-x86_64-fedora-clang | 1.4.1 | 401.02 | NOTE | |||
r-devel-linux-x86_64-fedora-gcc | 1.4.1 | 378.10 | NOTE | |||
r-devel-windows-x86_64 | 1.4.1 | 21.00 | 312.00 | 333.00 | NOTE | |
r-patched-linux-x86_64 | 1.4.1 | 26.61 | 195.93 | 222.54 | NOTE | |
r-release-linux-x86_64 | 1.4.1 | 16.97 | 196.74 | 213.71 | NOTE | |
r-release-macos-arm64 | 1.4.1 | 300.00 | NOTE | |||
r-release-macos-x86_64 | 1.4.1 | 295.00 | NOTE | |||
r-release-windows-x86_64 | 1.4.1 | 21.00 | 441.00 | 462.00 | NOTE | |
r-oldrel-macos-arm64 | 1.4.1 | 176.00 | NOTE | |||
r-oldrel-macos-x86_64 | 1.4.1 | 190.00 | NOTE | |||
r-oldrel-windows-x86_64 | 1.4.1 | 25.00 | 380.00 | 405.00 | NOTE |
Version: 1.4.1
Check: Rd files
Result: NOTE
checkRd: (-1) l_binCut.Rd:30: Lost braces
30 | when 'code{labels = FALSE}, the default \code{active} is \code{-1}; and when \code{labels} is a vector of length equal
| ^
Flavors: r-devel-linux-x86_64-debian-clang, r-devel-linux-x86_64-debian-gcc, r-devel-linux-x86_64-fedora-clang, r-devel-linux-x86_64-fedora-gcc, r-devel-windows-x86_64, r-patched-linux-x86_64, r-release-linux-x86_64, r-release-macos-arm64, r-release-macos-x86_64, r-release-windows-x86_64, r-oldrel-macos-arm64, r-oldrel-macos-x86_64, r-oldrel-windows-x86_64