Last updated on 2025-04-29 18:50:46 CEST.
Flavor | Version | Tinstall | Tcheck | Ttotal | Status | Flags |
---|---|---|---|---|---|---|
r-devel-linux-x86_64-debian-clang | 1.1.1 | 33.39 | 110.89 | 144.28 | OK | |
r-devel-linux-x86_64-debian-gcc | 1.1.1 | 21.46 | 75.33 | 96.79 | OK | |
r-devel-linux-x86_64-fedora-clang | 1.1.1 | 226.96 | OK | |||
r-devel-linux-x86_64-fedora-gcc | 1.1.1 | 235.15 | OK | |||
r-devel-windows-x86_64 | 1.1.1 | 37.00 | 153.00 | 190.00 | OK | |
r-patched-linux-x86_64 | 1.1.1 | 31.39 | 104.86 | 136.25 | OK | |
r-release-linux-x86_64 | 1.1.1 | 30.84 | 104.59 | 135.43 | OK | |
r-release-macos-arm64 | 1.1.1 | 75.00 | OK | |||
r-release-macos-x86_64 | 1.1.1 | 131.00 | OK | |||
r-release-windows-x86_64 | 1.1.1 | 38.00 | 151.00 | 189.00 | OK | |
r-oldrel-macos-arm64 | 1.1.1 | 85.00 | NOTE | |||
r-oldrel-macos-x86_64 | 1.1.1 | 246.00 | NOTE | |||
r-oldrel-windows-x86_64 | 1.1.1 | 45.00 | 186.00 | 231.00 | OK |
Version: 1.1.1
Check: installed package size
Result: NOTE
installed size is 6.5Mb
sub-directories of 1Mb or more:
data 4.0Mb
libs 1.8Mb
Flavors: r-oldrel-macos-arm64, r-oldrel-macos-x86_64