Last updated on 2025-04-29 18:50:46 CEST.
Flavor | Version | Tinstall | Tcheck | Ttotal | Status | Flags |
---|---|---|---|---|---|---|
r-devel-linux-x86_64-debian-clang | 1.4 | 12.50 | 29.13 | 41.63 | NOTE | |
r-devel-linux-x86_64-debian-gcc | 1.4 | 6.34 | 22.83 | 29.17 | NOTE | |
r-devel-linux-x86_64-fedora-clang | 1.4 | 65.29 | OK | |||
r-devel-linux-x86_64-fedora-gcc | 1.4 | 73.11 | OK | |||
r-devel-windows-x86_64 | 1.4 | 12.00 | 60.00 | 72.00 | OK | |
r-patched-linux-x86_64 | 1.4 | 8.58 | 27.70 | 36.28 | OK | |
r-release-linux-x86_64 | 1.4 | 8.14 | 27.49 | 35.63 | OK | |
r-release-macos-arm64 | 1.4 | 32.00 | OK | |||
r-release-macos-x86_64 | 1.4 | 65.00 | OK | |||
r-release-windows-x86_64 | 1.4 | 13.00 | 64.00 | 77.00 | OK | |
r-oldrel-macos-arm64 | 1.4 | 28.00 | OK | |||
r-oldrel-macos-x86_64 | 1.4 | 56.00 | OK | |||
r-oldrel-windows-x86_64 | 1.4 | 11.00 | 61.00 | 72.00 | OK |
Version: 1.4
Check: CRAN incoming feasibility
Result: NOTE
Maintainer: ‘Jing hua Zhao <jinghuazhao@hotmail.com>’
No Authors@R field in DESCRIPTION.
Please add one, modifying
Authors@R: c(person(given = c("Original", "by", "Joseph", "L."),
family = "Schafer",
role = "aut"),
person(given = c("Jing", "hua"),
family = "Zhao",
role = "cre",
email = "jinghuazhao@hotmail.com"))
as necessary.
Flavors: r-devel-linux-x86_64-debian-clang, r-devel-linux-x86_64-debian-gcc