Last updated on 2025-04-29 18:50:46 CEST.
Flavor | Version | Tinstall | Tcheck | Ttotal | Status | Flags |
---|---|---|---|---|---|---|
r-devel-linux-x86_64-debian-clang | 0.3 | 2.30 | 19.54 | 21.84 | NOTE | |
r-devel-linux-x86_64-debian-gcc | 0.3 | 1.56 | 15.34 | 16.90 | NOTE | |
r-devel-linux-x86_64-fedora-clang | 0.3 | 33.78 | OK | |||
r-devel-linux-x86_64-fedora-gcc | 0.3 | 32.76 | OK | |||
r-devel-windows-x86_64 | 0.3 | 4.00 | 38.00 | 42.00 | OK | |
r-patched-linux-x86_64 | 0.3 | 2.37 | 18.56 | 20.93 | OK | |
r-release-linux-x86_64 | 0.3 | 1.88 | 18.48 | 20.36 | OK | |
r-release-macos-arm64 | 0.3 | 15.00 | OK | |||
r-release-macos-x86_64 | 0.3 | 27.00 | OK | |||
r-release-windows-x86_64 | 0.3 | 5.00 | 41.00 | 46.00 | OK | |
r-oldrel-macos-arm64 | 0.3 | 20.00 | OK | |||
r-oldrel-macos-x86_64 | 0.3 | 21.00 | OK | |||
r-oldrel-windows-x86_64 | 0.3 | 4.00 | 36.00 | 40.00 | OK |
Version: 0.3
Check: CRAN incoming feasibility
Result: NOTE
Maintainer: ‘Sacha Epskamp <mail@sachaepskamp.com>’
No Authors@R field in DESCRIPTION.
Please add one, modifying
Authors@R: person(given = "Sacha",
family = "Epskamp",
role = c("aut", "cre"),
email = "mail@sachaepskamp.com")
as necessary.
Flavors: r-devel-linux-x86_64-debian-clang, r-devel-linux-x86_64-debian-gcc