Last updated on 2025-11-04 05:51:15 CET.
| Flavor | Version | Tinstall | Tcheck | Ttotal | Status | Flags | 
|---|---|---|---|---|---|---|
| r-devel-linux-x86_64-debian-clang | 4.6.0 | 1.84 | 28.13 | 29.97 | NOTE | |
| r-devel-linux-x86_64-debian-gcc | 4.6.0 | 1.66 | 23.01 | 24.67 | NOTE | |
| r-devel-linux-x86_64-fedora-clang | 4.6.0 | 46.49 | NOTE | |||
| r-devel-linux-x86_64-fedora-gcc | 4.6.0 | 56.27 | NOTE | |||
| r-devel-windows-x86_64 | 4.6.0 | 5.00 | 47.00 | 52.00 | NOTE | |
| r-patched-linux-x86_64 | 4.6.0 | 1.86 | 25.51 | 27.37 | NOTE | |
| r-release-linux-x86_64 | 4.6.0 | 1.60 | 25.59 | 27.19 | NOTE | |
| r-release-macos-arm64 | 4.6.0 | 1.00 | 29.00 | 30.00 | NOTE | |
| r-release-macos-x86_64 | 4.6.0 | 2.00 | 41.00 | 43.00 | NOTE | |
| r-release-windows-x86_64 | 4.6.0 | 4.00 | 45.00 | 49.00 | NOTE | |
| r-oldrel-macos-arm64 | 4.6.0 | 1.00 | 25.00 | 26.00 | OK | |
| r-oldrel-macos-x86_64 | 4.6.0 | 2.00 | 42.00 | 44.00 | OK | |
| r-oldrel-windows-x86_64 | 4.6.0 | 5.00 | 56.00 | 61.00 | OK | 
Version: 4.6.0
Check: DESCRIPTION meta-information
Result: NOTE
    Missing dependency on R >= 4.1.0 because package code uses the pipe
    |> or function shorthand \(...) syntax added in R 4.1.0.
    File(s) using such syntax:
      ‘lineup-shiny.Rd’ ‘taggle-shiny.Rd’
Flavors: r-devel-linux-x86_64-debian-clang, r-devel-linux-x86_64-debian-gcc, r-devel-linux-x86_64-fedora-clang, r-devel-linux-x86_64-fedora-gcc, r-devel-windows-x86_64, r-patched-linux-x86_64, r-release-linux-x86_64, r-release-macos-arm64, r-release-macos-x86_64, r-release-windows-x86_64