CRAN Package Check Results for Package lars

Last updated on 2025-04-29 18:50:46 CEST.

Flavor Version Tinstall Tcheck Ttotal Status Flags
r-devel-linux-x86_64-debian-clang 1.3 2.94 22.26 25.20 NOTE
r-devel-linux-x86_64-debian-gcc 1.3 2.55 17.76 20.31 NOTE
r-devel-linux-x86_64-fedora-clang 1.3 39.35 OK
r-devel-linux-x86_64-fedora-gcc 1.3 37.63 OK
r-devel-windows-x86_64 1.3 6.00 45.00 51.00 OK
r-patched-linux-x86_64 1.3 2.99 21.45 24.44 OK
r-release-linux-x86_64 1.3 2.58 21.55 24.13 OK
r-release-macos-arm64 1.3 17.00 OK
r-release-macos-x86_64 1.3 39.00 OK
r-release-windows-x86_64 1.3 8.00 51.00 59.00 OK
r-oldrel-macos-arm64 1.3 20.00 OK
r-oldrel-macos-x86_64 1.3 26.00 OK
r-oldrel-windows-x86_64 1.3 5.00 44.00 49.00 OK

Check Details

Version: 1.3
Check: CRAN incoming feasibility
Result: NOTE Maintainer: ‘Trevor Hastie <hastie@stanford.edu>’ No Authors@R field in DESCRIPTION. Please add one, modifying Authors@R: c(person(given = "Trevor", family = "Hastie", role = c("aut", "cre"), email = "hastie@stanford.edu"), person(given = "Brad", family = "Efron", role = "aut", email = "brad@stat.stanford.edu")) as necessary. Flavors: r-devel-linux-x86_64-debian-clang, r-devel-linux-x86_64-debian-gcc