Last updated on 2025-11-04 05:51:14 CET.
| Flavor | Version | Tinstall | Tcheck | Ttotal | Status | Flags | 
|---|---|---|---|---|---|---|
| r-devel-linux-x86_64-debian-clang | 0.1.2 | 5.86 | 125.05 | 130.91 | NOTE | |
| r-devel-linux-x86_64-debian-gcc | 0.1.2 | 5.07 | 91.51 | 96.58 | NOTE | |
| r-devel-linux-x86_64-fedora-clang | 0.1.2 | 24.00 | 157.86 | 181.86 | OK | |
| r-devel-linux-x86_64-fedora-gcc | 0.1.2 | 14.00 | 162.13 | 176.13 | OK | |
| r-devel-windows-x86_64 | 0.1.2 | 9.00 | 106.00 | 115.00 | OK | |
| r-patched-linux-x86_64 | 0.1.2 | 6.90 | 118.38 | 125.28 | OK | |
| r-release-linux-x86_64 | 0.1.2 | 6.36 | 114.37 | 120.73 | OK | |
| r-release-macos-arm64 | 0.1.2 | 3.00 | 57.00 | 60.00 | OK | |
| r-release-macos-x86_64 | 0.1.2 | 5.00 | 83.00 | 88.00 | OK | |
| r-release-windows-x86_64 | 0.1.2 | 9.00 | 104.00 | 113.00 | OK | |
| r-oldrel-macos-arm64 | 0.1.2 | 3.00 | 44.00 | 47.00 | OK | |
| r-oldrel-macos-x86_64 | 0.1.2 | 7.00 | 78.00 | 85.00 | OK | |
| r-oldrel-windows-x86_64 | 0.1.2 | 11.00 | 130.00 | 141.00 | OK | 
Version: 0.1.2
Check: CRAN incoming feasibility
Result: NOTE
  Maintainer: ‘Cristhian Paredes <craparedesca@unal.edu.co>’
  
  No Authors@R field in DESCRIPTION.
  Please add one, modifying
    Authors@R: c(person(given = "Cristhian",
                        family = "Paredes",
                        role = c("aut", "cre"),
                        email = "craparedesca@unal.edu.co"),
                 person(given = "Jesús",
                        family = "Ágreda",
                        role = "aut"))
  as necessary.
Flavors: r-devel-linux-x86_64-debian-clang, r-devel-linux-x86_64-debian-gcc