CRAN Package Check Results for Package knitrdata

Last updated on 2025-04-29 18:50:46 CEST.

Flavor Version Tinstall Tcheck Ttotal Status Flags
r-devel-linux-x86_64-debian-clang 0.6.1 2.54 45.24 47.78 NOTE
r-devel-linux-x86_64-debian-gcc 0.6.1 1.77 36.86 38.63 NOTE
r-devel-linux-x86_64-fedora-clang 0.6.1 76.30 NOTE
r-devel-linux-x86_64-fedora-gcc 0.6.1 83.70 NOTE
r-devel-windows-x86_64 0.6.1 4.00 74.00 78.00 OK
r-patched-linux-x86_64 0.6.1 2.58 42.24 44.82 OK
r-release-linux-x86_64 0.6.1 2.24 42.07 44.31 OK
r-release-macos-arm64 0.6.1 48.00 OK
r-release-macos-x86_64 0.6.1 65.00 OK
r-release-windows-x86_64 0.6.1 4.00 73.00 77.00 OK
r-oldrel-macos-arm64 0.6.1 37.00 NOTE
r-oldrel-macos-x86_64 0.6.1 79.00 NOTE
r-oldrel-windows-x86_64 0.6.1 4.00 75.00 79.00 NOTE

Check Details

Version: 0.6.1
Check: DESCRIPTION meta-information
Result: NOTE Author field differs from that derived from Authors@R Author: ‘David M. Kaplan [aut, cre, cph] (<https://orcid.org/0000-0001-6087-359X>, dmkaplan2000)’ Authors@R: ‘David M. Kaplan [aut, cre, cph] (ORCID: <https://orcid.org/0000-0001-6087-359X>, github: dmkaplan2000)’ Flavors: r-devel-linux-x86_64-debian-clang, r-devel-linux-x86_64-debian-gcc

Version: 0.6.1
Check: dependencies in R code
Result: NOTE Namespace in Imports field not imported from: ‘methods’ All declared Imports should be used. Flavors: r-devel-linux-x86_64-fedora-clang, r-devel-linux-x86_64-fedora-gcc

Version: 0.6.1
Check: LazyData
Result: NOTE 'LazyData' is specified without a 'data' directory Flavors: r-oldrel-macos-arm64, r-oldrel-macos-x86_64, r-oldrel-windows-x86_64