CRAN Package Check Results for Package klovan

Last updated on 2025-04-29 18:50:46 CEST.

Flavor Version Tinstall Tcheck Ttotal Status Flags
r-devel-linux-x86_64-debian-clang 0.1.0 9.95 101.91 111.86 NOTE
r-devel-linux-x86_64-debian-gcc 0.1.0 6.40 71.97 78.37 OK
r-devel-linux-x86_64-fedora-clang 0.1.0 171.53 OK
r-devel-linux-x86_64-fedora-gcc 0.1.0 173.60 OK
r-devel-windows-x86_64 0.1.0 11.00 119.00 130.00 OK
r-patched-linux-x86_64 0.1.0 9.94 95.59 105.53 OK
r-release-linux-x86_64 0.1.0 8.05 96.65 104.70 OK
r-release-macos-arm64 0.1.0 51.00 OK
r-release-macos-x86_64 0.1.0 127.00 OK
r-release-windows-x86_64 0.1.0 11.00 111.00 122.00 OK
r-oldrel-macos-arm64 0.1.0 52.00 NOTE
r-oldrel-macos-x86_64 0.1.0 77.00 NOTE
r-oldrel-windows-x86_64 0.1.0 13.00 141.00 154.00 NOTE

Check Details

Version: 0.1.0
Check: examples
Result: NOTE Examples with CPU (user + system) or elapsed time > 5s user system elapsed kriging 4.262 0.037 5.043 Flavor: r-devel-linux-x86_64-debian-clang

Version: 0.1.0
Check: package dependencies
Result: NOTE Package suggested but not available for checking: ‘RGeostats’ Flavors: r-oldrel-macos-arm64, r-oldrel-macos-x86_64, r-oldrel-windows-x86_64