CRAN Package Check Results for Package kfda

Last updated on 2025-11-03 17:49:53 CET.

Flavor Version Tinstall Tcheck Ttotal Status Flags
r-devel-linux-x86_64-debian-clang 1.0.0 3.52 36.21 39.73 NOTE
r-devel-linux-x86_64-debian-gcc 1.0.0 2.82 27.71 30.53 NOTE
r-devel-linux-x86_64-fedora-clang 1.0.0 13.00 50.63 63.63 NOTE
r-devel-linux-x86_64-fedora-gcc 1.0.0 54.15 NOTE
r-devel-windows-x86_64 1.0.0 5.00 48.00 53.00 NOTE
r-patched-linux-x86_64 1.0.0 3.78 34.72 38.50 NOTE
r-release-linux-x86_64 1.0.0 3.81 34.46 38.27 NOTE
r-release-macos-arm64 1.0.0 2.00 20.00 22.00 NOTE
r-release-macos-x86_64 1.0.0 3.00 34.00 37.00 NOTE
r-release-windows-x86_64 1.0.0 5.00 49.00 54.00 NOTE
r-oldrel-macos-arm64 1.0.0 2.00 20.00 22.00 NOTE
r-oldrel-macos-x86_64 1.0.0 3.00 27.00 30.00 NOTE
r-oldrel-windows-x86_64 1.0.0 5.00 58.00 63.00 NOTE

Check Details

Version: 1.0.0
Check: CRAN incoming feasibility
Result: NOTE Maintainer: ‘Donghwan Kim <donhkim9714@korea.ac.kr>’ No Authors@R field in DESCRIPTION. Please add one, modifying Authors@R: person(given = "Donghwan", family = "Kim", role = c("aut", "cre"), email = "donhkim9714@korea.ac.kr") as necessary. Flavors: r-devel-linux-x86_64-debian-clang, r-devel-linux-x86_64-debian-gcc

Version: 1.0.0
Check: Rd files
Result: NOTE checkRd: (-1) kfda.Rd:26: Lost braces 26 | \item{kpca.train}{An object of class "kpca". It has results of \code{kpca} function. (see{\code{\link[kernlab]{kpca}}} (in package \pkg{kernlab}))} | ^ Flavors: r-devel-linux-x86_64-debian-clang, r-devel-linux-x86_64-debian-gcc, r-devel-linux-x86_64-fedora-clang, r-devel-linux-x86_64-fedora-gcc, r-devel-windows-x86_64, r-patched-linux-x86_64, r-release-linux-x86_64, r-release-macos-arm64, r-release-macos-x86_64, r-release-windows-x86_64, r-oldrel-macos-arm64, r-oldrel-macos-x86_64, r-oldrel-windows-x86_64

Version: 1.0.0
Check: LazyData
Result: NOTE 'LazyData' is specified without a 'data' directory Flavors: r-oldrel-macos-arm64, r-oldrel-macos-x86_64, r-oldrel-windows-x86_64