CRAN Package Check Results for Package kernplus

Last updated on 2025-04-29 18:50:46 CEST.

Flavor Version Tinstall Tcheck Ttotal Status Flags
r-devel-linux-x86_64-debian-clang 0.1.2 2.25 27.48 29.73 NOTE
r-devel-linux-x86_64-debian-gcc 0.1.2 1.75 21.12 22.87 OK
r-devel-linux-x86_64-fedora-clang 0.1.2 47.34 OK
r-devel-linux-x86_64-fedora-gcc 0.1.2 45.75 OK
r-devel-windows-x86_64 0.1.2 4.00 49.00 53.00 OK
r-patched-linux-x86_64 0.1.2 2.12 26.22 28.34 OK
r-release-linux-x86_64 0.1.2 2.19 25.96 28.15 OK
r-release-macos-arm64 0.1.2 20.00 OK
r-release-macos-x86_64 0.1.2 39.00 OK
r-release-windows-x86_64 0.1.2 3.00 51.00 54.00 OK
r-oldrel-macos-arm64 0.1.2 20.00 OK
r-oldrel-macos-x86_64 0.1.2 36.00 OK
r-oldrel-windows-x86_64 0.1.2 5.00 53.00 58.00 OK

Check Details

Version: 0.1.2
Check: examples
Result: NOTE Examples with CPU (user + system) or elapsed time > 5s user system elapsed kp.pwcurv 4.668 0.104 6.557 Flavor: r-devel-linux-x86_64-debian-clang