Last updated on 2025-04-29 18:50:46 CEST.
Flavor | Version | Tinstall | Tcheck | Ttotal | Status | Flags |
---|---|---|---|---|---|---|
r-devel-linux-x86_64-debian-clang | 1.1 | 14.87 | 42.73 | 57.60 | NOTE | |
r-devel-linux-x86_64-debian-gcc | 1.1 | 11.16 | 30.13 | 41.29 | NOTE | |
r-devel-linux-x86_64-fedora-clang | 1.1 | 94.89 | OK | |||
r-devel-linux-x86_64-fedora-gcc | 1.1 | 95.21 | OK | |||
r-devel-windows-x86_64 | 1.1 | 17.00 | 74.00 | 91.00 | OK | |
r-patched-linux-x86_64 | 1.1 | 15.96 | 40.56 | 56.52 | OK | |
r-release-linux-x86_64 | 1.1 | 16.36 | 40.31 | 56.67 | OK | |
r-release-macos-arm64 | 1.1 | 30.00 | OK | |||
r-release-macos-x86_64 | 1.1 | 51.00 | OK | |||
r-release-windows-x86_64 | 1.1 | 17.00 | 80.00 | 97.00 | OK | |
r-oldrel-macos-arm64 | 1.1 | 29.00 | OK | |||
r-oldrel-macos-x86_64 | 1.1 | 42.00 | OK | |||
r-oldrel-windows-x86_64 | 1.1 | 17.00 | 102.00 | 119.00 | OK |
Version: 1.1
Check: CRAN incoming feasibility
Result: NOTE
Maintainer: ‘Hoseung Song <hosong@ucdavis.edu>’
The Description field contains
(2022) <arXiv:2206.01853>.
Please refer to arXiv e-prints via their arXiv DOI <doi:10.48550/arXiv.YYMM.NNNNN>.
Flavors: r-devel-linux-x86_64-debian-clang, r-devel-linux-x86_64-debian-gcc
Version: 1.1
Check: examples
Result: NOTE
Examples with CPU (user + system) or elapsed time > 5s
user system elapsed
kerSeg-package 5.172 0.043 6.346
Flavor: r-devel-linux-x86_64-debian-clang