CRAN Package Check Results for Package ivDiag

Last updated on 2025-04-29 18:50:45 CEST.

Flavor Version Tinstall Tcheck Ttotal Status Flags
r-devel-linux-x86_64-debian-clang 1.0.6 11.80 101.98 113.78 NOTE
r-devel-linux-x86_64-debian-gcc 1.0.6 8.74 70.53 79.27 NOTE
r-devel-linux-x86_64-fedora-clang 1.0.6 176.81 OK
r-devel-linux-x86_64-fedora-gcc 1.0.6 158.21 OK
r-devel-windows-x86_64 1.0.6 13.00 103.00 116.00 OK
r-patched-linux-x86_64 1.0.6 10.78 93.79 104.57 OK
r-release-linux-x86_64 1.0.6 10.13 93.41 103.54 OK
r-release-macos-arm64 1.0.6 47.00 OK
r-release-macos-x86_64 1.0.6 89.00 OK
r-release-windows-x86_64 1.0.6 15.00 104.00 119.00 OK
r-oldrel-macos-arm64 1.0.6 46.00 OK
r-oldrel-macos-x86_64 1.0.6 70.00 OK
r-oldrel-windows-x86_64 1.0.6 17.00 128.00 145.00 OK

Check Details

Version: 1.0.6
Check: CRAN incoming feasibility
Result: NOTE Maintainer: ‘Yiqing Xu <yiqingxu@stanford.edu>’ The Description field contains <arXiv:2303.11399>, including bootstrapped confidence intervals, Please refer to arXiv e-prints via their arXiv DOI <doi:10.48550/arXiv.YYMM.NNNNN>. Flavors: r-devel-linux-x86_64-debian-clang, r-devel-linux-x86_64-debian-gcc