Last updated on 2025-04-29 18:50:45 CEST.
Flavor | Version | Tinstall | Tcheck | Ttotal | Status | Flags |
---|---|---|---|---|---|---|
r-devel-linux-x86_64-debian-clang | 1.0 | 7.57 | 55.59 | 63.16 | NOTE | |
r-devel-linux-x86_64-debian-gcc | 1.0 | 4.98 | 42.39 | 47.37 | NOTE | |
r-devel-linux-x86_64-fedora-clang | 1.0 | 94.48 | OK | |||
r-devel-linux-x86_64-fedora-gcc | 1.0 | 92.09 | OK | |||
r-devel-windows-x86_64 | 1.0 | 7.00 | 66.00 | 73.00 | OK | |
r-patched-linux-x86_64 | 1.0 | 5.79 | 53.21 | 59.00 | OK | |
r-release-linux-x86_64 | 1.0 | 6.25 | 53.47 | 59.72 | OK | |
r-release-macos-arm64 | 1.0 | 32.00 | OK | |||
r-release-macos-x86_64 | 1.0 | 54.00 | OK | |||
r-release-windows-x86_64 | 1.0 | 7.00 | 67.00 | 74.00 | OK | |
r-oldrel-macos-arm64 | 1.0 | 32.00 | OK | |||
r-oldrel-macos-x86_64 | 1.0 | 44.00 | OK | |||
r-oldrel-windows-x86_64 | 1.0 | 9.00 | 76.00 | 85.00 | OK |
Version: 1.0
Check: CRAN incoming feasibility
Result: NOTE
Maintainer: ‘Mary Meyer <meyer@stat.colostate.edu>’
No Authors@R field in DESCRIPTION.
Please add one, modifying
Authors@R: c(person(given = c("Mary", "C"),
family = "Meyer",
role = "aut"),
person(given = "Jiwen",
family = "Wu",
role = "aut"),
person(given = c("Jean", "D."),
family = "Opsomer",
role = "aut"),
person(given = "Mary",
family = "Meyer",
role = "cre",
email = "meyer@stat.colostate.edu"))
as necessary.
Flavors: r-devel-linux-x86_64-debian-clang, r-devel-linux-x86_64-debian-gcc