Last updated on 2025-11-04 05:51:14 CET.
| Flavor | Version | Tinstall | Tcheck | Ttotal | Status | Flags | 
|---|---|---|---|---|---|---|
| r-devel-linux-x86_64-debian-clang | 0.3.4 | 10.56 | 83.21 | 93.77 | NOTE | |
| r-devel-linux-x86_64-debian-gcc | 0.3.4 | 7.48 | 66.86 | 74.34 | NOTE | |
| r-devel-linux-x86_64-fedora-clang | 0.3.4 | 43.00 | 112.40 | 155.40 | NOTE | |
| r-devel-linux-x86_64-fedora-gcc | 0.3.4 | 22.00 | 107.11 | 129.11 | NOTE | |
| r-devel-windows-x86_64 | 0.3.4 | 12.00 | 84.00 | 96.00 | NOTE | |
| r-patched-linux-x86_64 | 0.3.4 | 11.54 | 76.18 | 87.72 | NOTE | |
| r-release-linux-x86_64 | 0.3.4 | 10.46 | 75.16 | 85.62 | NOTE | |
| r-release-macos-arm64 | 0.3.4 | 12.00 | 59.00 | 71.00 | NOTE | |
| r-release-macos-x86_64 | 0.3.4 | 9.00 | 62.00 | 71.00 | NOTE | |
| r-release-windows-x86_64 | 0.3.4 | 11.00 | 84.00 | 95.00 | NOTE | |
| r-oldrel-macos-arm64 | 0.3.4 | 7.00 | 37.00 | 44.00 | NOTE | |
| r-oldrel-macos-x86_64 | 0.3.4 | 7.00 | 49.00 | 56.00 | NOTE | |
| r-oldrel-windows-x86_64 | 0.3.4 | 13.00 | 108.00 | 121.00 | NOTE | 
Version: 0.3.4
Check: CRAN incoming feasibility
Result: NOTE
  Maintainer: ‘John Wade <jjpwade2@illinois.edu>’
  
  Found the following URLs which should use \doi (with the DOI name only):
    File ‘f.influence.Rd’:
      https://doi.org/10.1080/09535319200000013
Flavors: r-devel-linux-x86_64-debian-clang, r-devel-linux-x86_64-debian-gcc
Version: 0.3.4
Check: Rd files
Result: NOTE
  checkRd: (-1) f.influence.Rd:25: Lost braces; missing escapes or markup?
      25 | where F is the field of influence, k is order of influence, l_{ij} is the ith row and jth column element of the Leontief Inverse and -s indicates the sth element has been removed.
         |                                                               ^
Flavors: r-devel-linux-x86_64-debian-clang, r-devel-linux-x86_64-debian-gcc, r-devel-linux-x86_64-fedora-clang, r-devel-linux-x86_64-fedora-gcc, r-devel-windows-x86_64, r-patched-linux-x86_64, r-release-linux-x86_64, r-release-macos-arm64, r-release-macos-x86_64, r-release-windows-x86_64, r-oldrel-macos-arm64, r-oldrel-macos-x86_64, r-oldrel-windows-x86_64