Last updated on 2025-11-11 05:51:15 CET.
| Flavor | Version | Tinstall | Tcheck | Ttotal | Status | Flags |
|---|---|---|---|---|---|---|
| r-devel-linux-x86_64-debian-clang | 1.4.6 | 11.89 | 134.57 | 146.46 | NOTE | |
| r-devel-linux-x86_64-debian-gcc | 1.4.6 | 8.30 | 94.22 | 102.52 | NOTE | |
| r-devel-linux-x86_64-fedora-clang | 1.4.6 | 28.00 | 203.45 | 231.45 | NOTE | |
| r-devel-linux-x86_64-fedora-gcc | 1.4.6 | 29.00 | 197.13 | 226.13 | NOTE | |
| r-devel-windows-x86_64 | 1.4.6 | 15.00 | 141.00 | 156.00 | NOTE | |
| r-patched-linux-x86_64 | 1.4.6 | 12.07 | 129.27 | 141.34 | NOTE | |
| r-release-linux-x86_64 | 1.4.6 | 11.45 | 128.28 | 139.73 | NOTE | |
| r-release-macos-arm64 | 1.4.6 | 9.00 | 79.00 | 88.00 | NOTE | |
| r-release-macos-x86_64 | 1.4.6 | 13.00 | 107.00 | 120.00 | NOTE | |
| r-release-windows-x86_64 | 1.4.6 | 16.00 | 142.00 | 158.00 | NOTE | |
| r-oldrel-macos-arm64 | 1.4.6 | 6.00 | 52.00 | 58.00 | NOTE | |
| r-oldrel-macos-x86_64 | 1.4.6 | 9.00 | 88.00 | 97.00 | NOTE | |
| r-oldrel-windows-x86_64 | 1.4.6 | 22.00 | 181.00 | 203.00 | NOTE |
Version: 1.4.6
Check: Rd files
Result: NOTE
checkRd: (-1) extractPeriod.Rd:57: Lost braces
57 | NOTE: all the dates in the datalist should follow the format in ?as.Date{base}.
| ^
Flavors: r-devel-linux-x86_64-debian-clang, r-devel-linux-x86_64-debian-gcc, r-devel-linux-x86_64-fedora-clang, r-devel-linux-x86_64-fedora-gcc, r-devel-windows-x86_64, r-patched-linux-x86_64, r-release-linux-x86_64, r-release-macos-arm64, r-release-macos-x86_64, r-release-windows-x86_64, r-oldrel-macos-arm64, r-oldrel-macos-x86_64, r-oldrel-windows-x86_64