CRAN Package Check Results for Package hydroroute

Last updated on 2025-04-29 18:50:45 CEST.

Flavor Version Tinstall Tcheck Ttotal Status Flags
r-devel-linux-x86_64-debian-clang 0.1.2 4.46 183.25 187.71 NOTE
r-devel-linux-x86_64-debian-gcc 0.1.2 3.44 119.24 122.68 NOTE
r-devel-linux-x86_64-fedora-clang 0.1.2 282.89 OK
r-devel-linux-x86_64-fedora-gcc 0.1.2 281.80 OK
r-devel-windows-x86_64 0.1.2 5.00 157.00 162.00 OK
r-patched-linux-x86_64 0.1.2 4.80 173.84 178.64 OK
r-release-linux-x86_64 0.1.2 4.39 172.92 177.31 OK
r-release-macos-arm64 0.1.2 98.00 OK
r-release-macos-x86_64 0.1.2 158.00 OK
r-release-windows-x86_64 0.1.2 8.00 162.00 170.00 OK
r-oldrel-macos-arm64 0.1.2 80.00 OK
r-oldrel-macos-x86_64 0.1.2 150.00 OK
r-oldrel-windows-x86_64 0.1.2 8.00 224.00 232.00 OK

Check Details

Version: 0.1.2
Check: examples
Result: NOTE Examples with CPU (user + system) or elapsed time > 5s user system elapsed extract_AE 7.408 0.079 9.833 estimate_AE 5.646 0.185 7.784 Flavor: r-devel-linux-x86_64-debian-clang

Version: 0.1.2
Check: examples
Result: NOTE Examples with CPU (user + system) or elapsed time > 5s user system elapsed extract_AE 4.219 0.092 5.331 Flavor: r-devel-linux-x86_64-debian-gcc