Last updated on 2025-11-04 05:51:13 CET.
| Flavor | Version | Tinstall | Tcheck | Ttotal | Status | Flags | 
|---|---|---|---|---|---|---|
| r-devel-linux-x86_64-debian-clang | 0.2.0 | 1.89 | 28.46 | 30.35 | OK | |
| r-devel-linux-x86_64-debian-gcc | 0.2.0 | 1.61 | 22.46 | 24.07 | OK | |
| r-devel-linux-x86_64-fedora-clang | 0.2.0 | 42.75 | OK | |||
| r-devel-linux-x86_64-fedora-gcc | 0.2.0 | 40.64 | OK | |||
| r-devel-windows-x86_64 | 0.2.0 | 2.00 | 45.00 | 47.00 | OK | |
| r-patched-linux-x86_64 | 0.2.0 | 1.95 | 25.38 | 27.33 | OK | |
| r-release-linux-x86_64 | 0.2.0 | 1.64 | 25.80 | 27.44 | OK | |
| r-release-macos-arm64 | 0.2.0 | 1.00 | 15.00 | 16.00 | OK | |
| r-release-macos-x86_64 | 0.2.0 | 1.00 | 27.00 | 28.00 | OK | |
| r-release-windows-x86_64 | 0.2.0 | 3.00 | 44.00 | 47.00 | OK | |
| r-oldrel-macos-arm64 | 0.2.0 | 1.00 | 15.00 | 16.00 | NOTE | |
| r-oldrel-macos-x86_64 | 0.2.0 | 2.00 | 28.00 | 30.00 | NOTE | |
| r-oldrel-windows-x86_64 | 0.2.0 | 4.00 | 53.00 | 57.00 | NOTE | 
Version: 0.2.0
Check: LazyData
Result: NOTE
    'LazyData' is specified without a 'data' directory
Flavors: r-oldrel-macos-arm64, r-oldrel-macos-x86_64, r-oldrel-windows-x86_64