CRAN Package Check Results for Package hmm.discnp

Last updated on 2025-04-29 18:50:44 CEST.

Flavor Version Tinstall Tcheck Ttotal Status Flags
r-devel-linux-x86_64-debian-clang 3.0-9 9.61 51.78 61.39 NOTE
r-devel-linux-x86_64-debian-gcc 3.0-9 6.25 34.58 40.83 NOTE
r-devel-linux-x86_64-fedora-clang 3.0-9 94.40 NOTE
r-devel-linux-x86_64-fedora-gcc 3.0-9 91.75 NOTE
r-devel-windows-x86_64 3.0-9 13.00 78.00 91.00 NOTE
r-patched-linux-x86_64 3.0-9 10.14 49.32 59.46 NOTE
r-release-linux-x86_64 3.0-9 8.54 49.19 57.73 NOTE
r-release-macos-arm64 3.0-9 28.00 NOTE
r-release-macos-x86_64 3.0-9 51.00 NOTE
r-release-windows-x86_64 3.0-9 12.00 81.00 93.00 NOTE
r-oldrel-macos-arm64 3.0-9 26.00 NOTE
r-oldrel-macos-x86_64 3.0-9 48.00 NOTE
r-oldrel-windows-x86_64 3.0-9 13.00 86.00 99.00 NOTE

Check Details

Version: 3.0-9
Check: CRAN incoming feasibility
Result: NOTE Maintainer: ‘Rolf Turner <r.turner@auckland.ac.nz>’ No Authors@R field in DESCRIPTION. Please add one, modifying Authors@R: person(given = "Rolf", family = "Turner", role = c("aut", "cre"), email = "r.turner@auckland.ac.nz") as necessary. Flavors: r-devel-linux-x86_64-debian-clang, r-devel-linux-x86_64-debian-gcc

Version: 3.0-9
Check: Rd files
Result: NOTE checkRd: (-1) nafracCalc.Rd:45: Lost braces 45 | as if code{y} were not of class \code{"multipleHmmDataSets"}. | ^ Flavors: r-devel-linux-x86_64-debian-clang, r-devel-linux-x86_64-debian-gcc, r-devel-linux-x86_64-fedora-clang, r-devel-linux-x86_64-fedora-gcc, r-devel-windows-x86_64, r-patched-linux-x86_64, r-release-linux-x86_64, r-release-macos-arm64, r-release-macos-x86_64, r-release-windows-x86_64, r-oldrel-macos-arm64, r-oldrel-macos-x86_64, r-oldrel-windows-x86_64