Last updated on 2025-11-01 05:51:50 CET.
| Flavor | Version | Tinstall | Tcheck | Ttotal | Status | Flags |
|---|---|---|---|---|---|---|
| r-devel-linux-x86_64-debian-clang | 0.2.0 | 4.75 | 51.65 | 56.40 | OK | |
| r-devel-linux-x86_64-debian-gcc | 0.2.0 | 3.81 | 39.67 | 43.48 | OK | |
| r-devel-linux-x86_64-fedora-clang | 0.2.0 | 14.00 | 75.32 | 89.32 | OK | |
| r-devel-linux-x86_64-fedora-gcc | 0.2.0 | 89.98 | OK | |||
| r-devel-windows-x86_64 | 0.1.0 | 7.00 | 72.00 | 79.00 | OK | |
| r-patched-linux-x86_64 | 0.1.0 | 5.79 | 47.02 | 52.81 | OK | |
| r-release-linux-x86_64 | 0.1.0 | 5.25 | 47.30 | 52.55 | OK | |
| r-release-macos-arm64 | 0.2.0 | 3.00 | 65.00 | 68.00 | OK | |
| r-release-macos-x86_64 | 0.2.0 | 5.00 | 107.00 | 112.00 | OK | |
| r-release-windows-x86_64 | 0.2.0 | 8.00 | 70.00 | 78.00 | OK | |
| r-oldrel-macos-arm64 | 0.2.0 | 5.00 | 39.00 | 44.00 | NOTE | |
| r-oldrel-macos-x86_64 | 0.2.0 | 15.00 | 102.00 | 117.00 | NOTE | |
| r-oldrel-windows-x86_64 | 0.2.0 | 11.00 | 85.00 | 96.00 | NOTE |
Version: 0.2.0
Check: installed package size
Result: NOTE
installed size is 15.7Mb
sub-directories of 1Mb or more:
R 9.2Mb
data 6.3Mb
Flavors: r-oldrel-macos-arm64, r-oldrel-macos-x86_64, r-oldrel-windows-x86_64