Last updated on 2025-04-29 18:50:44 CEST.
Flavor | Version | Tinstall | Tcheck | Ttotal | Status | Flags |
---|---|---|---|---|---|---|
r-devel-linux-x86_64-debian-clang | 1.4.1 | 19.12 | 80.71 | 99.83 | NOTE | |
r-devel-linux-x86_64-debian-gcc | 1.4.1 | 13.19 | 57.63 | 70.82 | OK | |
r-devel-linux-x86_64-fedora-clang | 1.4.1 | 153.24 | OK | |||
r-devel-linux-x86_64-fedora-gcc | 1.4.1 | 147.78 | OK | |||
r-devel-windows-x86_64 | 1.4.1 | 24.00 | 108.00 | 132.00 | OK | |
r-patched-linux-x86_64 | 1.4.1 | 17.10 | 77.47 | 94.57 | OK | |
r-release-linux-x86_64 | 1.4.1 | 17.02 | 77.54 | 94.56 | OK | |
r-release-macos-arm64 | 1.4.1 | 55.00 | OK | |||
r-release-macos-x86_64 | 1.4.1 | 88.00 | OK | |||
r-release-windows-x86_64 | 1.4.1 | 25.00 | 115.00 | 140.00 | OK | |
r-oldrel-macos-arm64 | 1.4.1 | 60.00 | OK | |||
r-oldrel-macos-x86_64 | 1.4.1 | 136.00 | NOTE | |||
r-oldrel-windows-x86_64 | 1.4.1 | 29.00 | 132.00 | 161.00 | OK |
Version: 1.4.1
Check: examples
Result: NOTE
Examples with CPU (user + system) or elapsed time > 5s
user system elapsed
gsl_nls_large 3.9 0.012 5.013
Flavor: r-devel-linux-x86_64-debian-clang
Version: 1.4.1
Check: installed package size
Result: NOTE
installed size is 5.1Mb
sub-directories of 1Mb or more:
libs 4.7Mb
Flavor: r-oldrel-macos-x86_64