CRAN Package Check Results for Package graphpcor

Last updated on 2025-04-29 18:50:44 CEST.

Flavor Version Tinstall Tcheck Ttotal Status Flags
r-devel-linux-x86_64-debian-clang 0.1.12 15.10 79.41 94.51 OK
r-devel-linux-x86_64-debian-gcc 0.1.12 9.56 59.59 69.15 OK
r-devel-linux-x86_64-fedora-clang 0.1.12 80.01 NOTE
r-devel-linux-x86_64-fedora-gcc 0.1.12 77.97 NOTE
r-devel-windows-x86_64 0.1.12 24.00 102.00 126.00 OK
r-patched-linux-x86_64 0.1.11 15.43 76.88 92.31 OK
r-release-linux-x86_64 0.1.11 15.39 75.71 91.10 OK
r-release-macos-arm64 0.1.12 45.00 OK
r-release-macos-x86_64 0.1.12 77.00 OK
r-release-windows-x86_64 0.1.12 18.00 88.00 106.00 OK
r-oldrel-macos-arm64 0.1.12 55.00 NOTE
r-oldrel-macos-x86_64 0.1.12 94.00 NOTE
r-oldrel-windows-x86_64 0.1.11 24.00 106.00 130.00 OK

Check Details

Version: 0.1.12
Check: compiled code
Result: NOTE File ‘graphpcor/libs/graphpcor.so’: Found no calls to: ‘R_registerRoutines’, ‘R_useDynamicSymbols’ It is good practice to register native routines and to disable symbol search. See ‘Writing portable packages’ in the ‘Writing R Extensions’ manual. Flavors: r-devel-linux-x86_64-fedora-clang, r-devel-linux-x86_64-fedora-gcc

Version: 0.1.12
Check: package dependencies
Result: NOTE Package suggested but not available for checking: ‘INLA’ Flavors: r-oldrel-macos-arm64, r-oldrel-macos-x86_64

Version: 0.1.12
Check: Rd cross-references
Result: NOTE Package unavailable to check Rd xrefs: ‘INLA’ Flavors: r-oldrel-macos-arm64, r-oldrel-macos-x86_64