CRAN Package Check Results for Package gptstudio

Last updated on 2025-11-03 17:49:51 CET.

Flavor Version Tinstall Tcheck Ttotal Status Flags
r-devel-linux-x86_64-debian-clang 0.4.0 7.85 73.55 81.40 NOTE
r-devel-linux-x86_64-debian-gcc 0.4.0 4.68 54.46 59.14 NOTE
r-devel-linux-x86_64-fedora-clang 0.4.0 31.00 97.56 128.56 NOTE
r-devel-linux-x86_64-fedora-gcc 0.4.0 18.00 116.01 134.01 NOTE
r-devel-windows-x86_64 0.4.0 11.00 106.00 117.00 NOTE
r-patched-linux-x86_64 0.4.0 8.44 69.72 78.16 NOTE
r-release-linux-x86_64 0.4.0 6.71 69.30 76.01 NOTE
r-release-macos-arm64 0.4.0 4.00 68.00 72.00 NOTE
r-release-macos-x86_64 0.4.0 6.00 77.00 83.00 NOTE
r-release-windows-x86_64 0.4.0 12.00 99.00 111.00 NOTE
r-oldrel-macos-arm64 0.4.0 3.00 46.00 49.00 OK
r-oldrel-macos-x86_64 0.4.0 5.00 65.00 70.00 OK
r-oldrel-windows-x86_64 0.4.0 15.00 111.00 126.00 OK

Check Details

Version: 0.4.0
Check: DESCRIPTION meta-information
Result: NOTE Missing dependency on R >= 4.1.0 because package code uses the pipe |> or function shorthand \(...) syntax added in R 4.1.0. File(s) using such syntax: ‘service-cohere.R’ Flavors: r-devel-linux-x86_64-debian-clang, r-devel-linux-x86_64-debian-gcc, r-devel-linux-x86_64-fedora-clang, r-devel-linux-x86_64-fedora-gcc, r-devel-windows-x86_64, r-patched-linux-x86_64, r-release-linux-x86_64, r-release-macos-arm64, r-release-macos-x86_64, r-release-windows-x86_64