Last updated on 2025-04-29 18:50:43 CEST.
Flavor | Version | Tinstall | Tcheck | Ttotal | Status | Flags |
---|---|---|---|---|---|---|
r-devel-linux-x86_64-debian-clang | 0.83.0 | 45.39 | 40.64 | 86.03 | NOTE | |
r-devel-linux-x86_64-debian-gcc | 0.83.0 | 31.11 | 32.59 | 63.70 | NOTE | |
r-devel-linux-x86_64-fedora-clang | 0.83.0 | 209.99 | OK | |||
r-devel-linux-x86_64-fedora-gcc | 0.83.0 | 148.68 | OK | |||
r-devel-windows-x86_64 | 0.83.0 | 69.00 | 77.00 | 146.00 | OK | |
r-patched-linux-x86_64 | 0.83.0 | 43.29 | 34.65 | 77.94 | OK | |
r-release-linux-x86_64 | 0.83.0 | 41.95 | 38.01 | 79.96 | OK | |
r-release-macos-arm64 | 0.83.0 | 42.00 | OK | |||
r-release-macos-x86_64 | 0.83.0 | 54.00 | OK | |||
r-release-windows-x86_64 | 0.83.0 | 71.00 | 78.00 | 149.00 | OK | |
r-oldrel-macos-arm64 | 0.83.0 | 39.00 | NOTE | |||
r-oldrel-macos-x86_64 | 0.83.0 | 50.00 | NOTE | |||
r-oldrel-windows-x86_64 | 0.83.0 | 72.00 | 88.00 | 160.00 | OK |
Version: 0.83.0
Check: CRAN incoming feasibility
Result: NOTE
Maintainer: ‘Mike Beer <mbeer@jhu.edu>’
No Authors@R field in DESCRIPTION.
Please add one, modifying
Authors@R: c(person(given = "Mahmoud",
family = "Ghandi",
role = "aut"),
person(given = "Mike",
family = "Beer",
role = "cre",
email = "mbeer@jhu.edu"))
as necessary.
Flavors: r-devel-linux-x86_64-debian-clang, r-devel-linux-x86_64-debian-gcc
Version: 0.83.0
Check: package dependencies
Result: NOTE
Packages suggested but not available for checking:
'BSgenome.Hsapiens.UCSC.hg18.masked',
'BSgenome.Hsapiens.UCSC.hg19.masked'
Flavors: r-oldrel-macos-arm64, r-oldrel-macos-x86_64