Last updated on 2025-04-29 06:49:43 CEST.
Flavor | Version | Tinstall | Tcheck | Ttotal | Status | Flags |
---|---|---|---|---|---|---|
r-devel-linux-x86_64-debian-clang | 1.6.3 | 17.14 | 69.97 | 87.11 | OK | |
r-devel-linux-x86_64-debian-gcc | 1.6.3 | 13.10 | 52.59 | 65.69 | NOTE | |
r-devel-linux-x86_64-fedora-clang | 1.6.3 | 134.25 | NOTE | |||
r-devel-linux-x86_64-fedora-gcc | 1.6.3 | 134.47 | NOTE | |||
r-devel-windows-x86_64 | 1.6.3 | 18.00 | 85.00 | 103.00 | OK | |
r-patched-linux-x86_64 | 1.6.3 | 18.08 | 71.62 | 89.70 | OK | |
r-release-linux-x86_64 | 1.6.3 | 16.17 | 71.30 | 87.47 | OK | |
r-release-macos-arm64 | 1.6.3 | 46.00 | OK | |||
r-release-macos-x86_64 | 1.6.3 | 85.00 | OK | |||
r-release-windows-x86_64 | 1.6.3 | 20.00 | 86.00 | 106.00 | OK | |
r-oldrel-macos-arm64 | 1.6.3 | 48.00 | OK | |||
r-oldrel-macos-x86_64 | 1.6.3 | 71.00 | OK | |||
r-oldrel-windows-x86_64 | 1.6.3 | 25.00 | 106.00 | 131.00 | OK |
Version: 1.6.3
Check: CRAN incoming feasibility
Result: NOTE
Maintainer: ‘Athanasia Mo Mowinckel <a.m.mowinckel@psykologi.uio.no>’
Package CITATION file contains call(s) to old-style citEntry(). Please
use bibentry() instead.
Flavor: r-devel-linux-x86_64-debian-gcc
Version: 1.6.3
Check: examples
Result: NOTE
Examples with CPU (user + system) or elapsed time > 5s
user system elapsed
add_glassbrain 4.592 0.225 6.521
ggseg3d 4.269 0.113 5.625
Flavor: r-devel-linux-x86_64-debian-gcc
Version: 1.6.3
Check: dependencies in R code
Result: NOTE
Namespaces in Imports field not imported from:
‘magrittr’ ‘utils’
All declared Imports should be used.
Flavors: r-devel-linux-x86_64-fedora-clang, r-devel-linux-x86_64-fedora-gcc