Last updated on 2025-04-29 18:50:43 CEST.
Flavor | Version | Tinstall | Tcheck | Ttotal | Status | Flags |
---|---|---|---|---|---|---|
r-devel-linux-x86_64-debian-clang | 1.0.0 | 5.95 | 118.76 | 124.71 | NOTE | |
r-devel-linux-x86_64-debian-gcc | 1.0.0 | 4.35 | 82.45 | 86.80 | OK | |
r-devel-linux-x86_64-fedora-clang | 1.0.0 | 184.12 | OK | |||
r-devel-linux-x86_64-fedora-gcc | 1.0.0 | 197.41 | OK | |||
r-devel-windows-x86_64 | 1.0.0 | 8.00 | 134.00 | 142.00 | OK | |
r-patched-linux-x86_64 | 1.0.0 | 7.04 | 110.71 | 117.75 | OK | |
r-release-linux-x86_64 | 1.0.0 | 5.20 | 111.33 | 116.53 | OK | |
r-release-macos-arm64 | 1.0.0 | 74.00 | OK | |||
r-release-macos-x86_64 | 1.0.0 | 129.00 | OK | |||
r-release-windows-x86_64 | 1.0.0 | 8.00 | 138.00 | 146.00 | OK | |
r-oldrel-macos-arm64 | 1.0.0 | 59.00 | OK | |||
r-oldrel-macos-x86_64 | 1.0.0 | 107.00 | OK | |||
r-oldrel-windows-x86_64 | 1.0.0 | 10.00 | 166.00 | 176.00 | OK |
Version: 1.0.0
Check: examples
Result: NOTE
Examples with CPU (user + system) or elapsed time > 5s
user system elapsed
geom_hdr 5.039 0.119 6.627
get_hdr 3.120 0.444 9.612
Flavor: r-devel-linux-x86_64-debian-clang