Last updated on 2025-04-29 06:49:43 CEST.
Flavor | Version | Tinstall | Tcheck | Ttotal | Status | Flags |
---|---|---|---|---|---|---|
r-devel-linux-x86_64-debian-clang | 0.1.1 | 1.98 | 30.83 | 32.81 | OK | |
r-devel-linux-x86_64-debian-gcc | 0.1.1 | 1.61 | 22.98 | 24.59 | NOTE | |
r-devel-linux-x86_64-fedora-clang | 0.1.1 | 50.22 | OK | |||
r-devel-linux-x86_64-fedora-gcc | 0.1.1 | 47.80 | OK | |||
r-devel-windows-x86_64 | 0.1.1 | 4.00 | 51.00 | 55.00 | OK | |
r-patched-linux-x86_64 | 0.1.1 | 1.98 | 29.50 | 31.48 | OK | |
r-release-linux-x86_64 | 0.1.1 | 1.99 | 29.94 | 31.93 | OK | |
r-release-macos-arm64 | 0.1.1 | 20.00 | OK | |||
r-release-macos-x86_64 | 0.1.1 | 35.00 | OK | |||
r-release-windows-x86_64 | 0.1.1 | 3.00 | 53.00 | 56.00 | OK | |
r-oldrel-macos-arm64 | 0.1.1 | 17.00 | NOTE | |||
r-oldrel-macos-x86_64 | 0.1.1 | 30.00 | NOTE | |||
r-oldrel-windows-x86_64 | 0.1.1 | 3.00 | 57.00 | 60.00 | NOTE |
Version: 0.1.1
Check: CRAN incoming feasibility
Result: NOTE
Maintainer: ‘Shant Sukljian <asshtnt@gmail.com>’
No Authors@R field in DESCRIPTION.
Please add one, modifying
Authors@R: person(given = "Shant",
family = "Sukljian",
role = c("aut", "cre"),
email = "asshtnt@gmail.com")
as necessary.
Flavor: r-devel-linux-x86_64-debian-gcc
Version: 0.1.1
Check: examples
Result: NOTE
Examples with CPU (user + system) or elapsed time > 5s
user system elapsed
geo_midpoint 6.742 0.39 8.974
Flavor: r-devel-linux-x86_64-debian-gcc
Version: 0.1.1
Check: LazyData
Result: NOTE
'LazyData' is specified without a 'data' directory
Flavors: r-oldrel-macos-arm64, r-oldrel-macos-x86_64, r-oldrel-windows-x86_64