Last updated on 2025-11-04 05:51:12 CET.
| Flavor | Version | Tinstall | Tcheck | Ttotal | Status | Flags | 
|---|---|---|---|---|---|---|
| r-devel-linux-x86_64-debian-clang | 2.0 | 2.06 | 23.69 | 25.75 | NOTE | |
| r-devel-linux-x86_64-debian-gcc | 2.0 | 1.66 | 18.71 | 20.37 | NOTE | |
| r-devel-linux-x86_64-fedora-clang | 2.0 | 39.43 | OK | |||
| r-devel-linux-x86_64-fedora-gcc | 2.0 | 11.00 | 26.61 | 37.61 | OK | |
| r-devel-windows-x86_64 | 2.0 | 3.00 | 41.00 | 44.00 | OK | |
| r-patched-linux-x86_64 | 2.0 | 2.77 | 22.27 | 25.04 | OK | |
| r-release-linux-x86_64 | 2.0 | 1.95 | 22.19 | 24.14 | OK | |
| r-release-macos-arm64 | 2.0 | 1.00 | 16.00 | 17.00 | OK | |
| r-release-macos-x86_64 | 2.0 | 2.00 | 22.00 | 24.00 | OK | |
| r-release-windows-x86_64 | 2.0 | 3.00 | 40.00 | 43.00 | OK | |
| r-oldrel-macos-arm64 | 2.0 | 1.00 | 13.00 | 14.00 | OK | |
| r-oldrel-macos-x86_64 | 2.0 | 2.00 | 19.00 | 21.00 | OK | |
| r-oldrel-windows-x86_64 | 2.0 | 3.00 | 41.00 | 44.00 | OK | 
Version: 2.0
Check: CRAN incoming feasibility
Result: NOTE
  Maintainer: ‘Shaiful Anuar Abu Bakar <saab@um.edu.my>’
  
  No Authors@R field in DESCRIPTION.
  Please add one, modifying
    Authors@R: person(given = c("Shaiful", "Anuar", "Abu"),
                      family = "Bakar",
                      role = c("aut", "cre"),
                      email = "saab@um.edu.my")
  as necessary.
Flavors: r-devel-linux-x86_64-debian-clang, r-devel-linux-x86_64-debian-gcc