CRAN Package Check Results for Package gFormulaMI

Last updated on 2025-04-29 06:49:43 CEST.

Flavor Version Tinstall Tcheck Ttotal Status Flags
r-devel-linux-x86_64-debian-clang 1.0.0 2.22 88.19 90.41 OK
r-devel-linux-x86_64-debian-gcc 1.0.0 1.47 75.28 76.75 NOTE
r-devel-linux-x86_64-fedora-clang 1.0.0 149.87 OK
r-devel-linux-x86_64-fedora-gcc 1.0.0 172.85 OK
r-devel-windows-x86_64 1.0.0 4.00 126.00 130.00 OK
r-patched-linux-x86_64 1.0.0 2.27 88.56 90.83 OK
r-release-linux-x86_64 1.0.0 2.16 88.72 90.88 OK
r-release-macos-arm64 1.0.0 62.00 OK
r-release-macos-x86_64 1.0.0 121.00 OK
r-release-windows-x86_64 1.0.0 3.00 128.00 131.00 OK
r-oldrel-macos-arm64 1.0.0 59.00 OK
r-oldrel-macos-x86_64 1.0.0 106.00 OK
r-oldrel-windows-x86_64 1.0.0 4.00 147.00 151.00 OK

Check Details

Version: 1.0.0
Check: CRAN incoming feasibility
Result: NOTE Maintainer: ‘Jonathan Bartlett <jonathan.bartlett1@lshtm.ac.uk>’ The Description field contains <arXiv:2301.12026>. It creates multiple synthetic imputed datasets Please refer to arXiv e-prints via their arXiv DOI <doi:10.48550/arXiv.YYMM.NNNNN>. Flavor: r-devel-linux-x86_64-debian-gcc