CRAN Package Check Results for Package freqpcr

Last updated on 2025-04-30 06:51:18 CEST.

Flavor Version Tinstall Tcheck Ttotal Status Flags
r-devel-linux-x86_64-debian-clang 0.4.0 3.19 43.88 47.07 NOTE
r-devel-linux-x86_64-debian-gcc 0.4.0 2.36 32.87 35.23 NOTE
r-devel-linux-x86_64-fedora-clang 0.4.0 75.90 OK
r-devel-linux-x86_64-fedora-gcc 0.4.0 85.71 OK
r-devel-windows-x86_64 0.4.0 4.00 119.00 123.00 OK
r-patched-linux-x86_64 0.4.0 3.76 40.82 44.58 OK
r-release-linux-x86_64 0.4.0 3.40 41.33 44.73 OK
r-release-macos-arm64 0.4.0 31.00 OK
r-release-macos-x86_64 0.4.0 61.00 OK
r-release-windows-x86_64 0.4.0 5.00 68.00 73.00 OK
r-oldrel-macos-arm64 0.4.0 30.00 OK
r-oldrel-macos-x86_64 0.4.0 44.00 OK
r-oldrel-windows-x86_64 0.4.0 5.00 76.00 81.00 OK

Check Details

Version: 0.4.0
Check: CRAN incoming feasibility
Result: NOTE Maintainer: ‘Masaaki Sudo <masaaki@sudori.info>’ Package CITATION file contains call(s) to old-style personList() or as.personList(). Please use c() on person objects instead. Package CITATION file contains call(s) to old-style citEntry(). Please use bibentry() instead. Flavors: r-devel-linux-x86_64-debian-clang, r-devel-linux-x86_64-debian-gcc