Last updated on 2025-04-28 18:50:09 CEST.
Flavor | Version | Tinstall | Tcheck | Ttotal | Status | Flags |
---|---|---|---|---|---|---|
r-devel-linux-x86_64-debian-clang | 1.0.1 | 6.42 | 60.06 | 66.48 | OK | |
r-devel-linux-x86_64-debian-gcc | 1.0.1 | 4.58 | 47.17 | 51.75 | NOTE | |
r-devel-linux-x86_64-fedora-clang | 1.0.1 | 103.29 | OK | |||
r-devel-linux-x86_64-fedora-gcc | 1.0.1 | 96.91 | OK | |||
r-devel-windows-x86_64 | 1.0.1 | 8.00 | 78.00 | 86.00 | OK | |
r-patched-linux-x86_64 | 1.0.1 | 6.01 | 61.23 | 67.24 | OK | |
r-release-linux-x86_64 | 1.0.1 | 6.47 | 61.42 | 67.89 | OK | |
r-release-macos-arm64 | 1.0.1 | 32.00 | OK | |||
r-release-macos-x86_64 | 1.0.1 | 59.00 | OK | |||
r-release-windows-x86_64 | 1.0.1 | 7.00 | 79.00 | 86.00 | OK | |
r-oldrel-macos-arm64 | 1.0.1 | 33.00 | OK | |||
r-oldrel-macos-x86_64 | 1.0.1 | 47.00 | OK | |||
r-oldrel-windows-x86_64 | 1.0.1 | 10.00 | 95.00 | 105.00 | OK |
Version: 1.0.1
Check: CRAN incoming feasibility
Result: NOTE
Maintainer: ‘Norm Matloff <normmatloff@gmail.com>’
No Authors@R field in DESCRIPTION.
Please add one, modifying
Authors@R: c(person(given = "Norm",
family = "Matloff",
role = c("aut", "cre"),
email = "normmatloff@gmail.com"),
person(given = "Yingkang",
family = "Xie",
role = "aut",
email = "yingkang.xie@gmail.com"))
as necessary.
Flavor: r-devel-linux-x86_64-debian-gcc