Last updated on 2025-04-29 18:50:42 CEST.
Flavor | Version | Tinstall | Tcheck | Ttotal | Status | Flags |
---|---|---|---|---|---|---|
r-devel-linux-x86_64-debian-clang | 1.6.1 | 19.71 | 142.05 | 161.76 | NOTE | |
r-devel-linux-x86_64-debian-gcc | 1.6.1 | 12.05 | 96.08 | 108.13 | NOTE | |
r-devel-linux-x86_64-fedora-clang | 1.6.1 | 242.92 | OK | |||
r-devel-linux-x86_64-fedora-gcc | 1.6.1 | 226.22 | OK | |||
r-devel-windows-x86_64 | 1.6.1 | 20.00 | 137.00 | 157.00 | OK | |
r-patched-linux-x86_64 | 1.6.1 | 20.92 | 134.59 | 155.51 | OK | |
r-release-linux-x86_64 | 1.6.1 | 16.10 | 135.74 | 151.84 | OK | |
r-release-macos-arm64 | 1.6.1 | 87.00 | OK | |||
r-release-macos-x86_64 | 1.6.1 | 83.00 | OK | |||
r-release-windows-x86_64 | 1.6.1 | 17.00 | 133.00 | 150.00 | OK | |
r-oldrel-macos-arm64 | 1.6.1 | 66.00 | OK | |||
r-oldrel-macos-x86_64 | 1.6.1 | 123.00 | OK | |||
r-oldrel-windows-x86_64 | 1.6.1 | 26.00 | 172.00 | 198.00 | OK |
Version: 1.6.1
Check: examples
Result: NOTE
Examples with CPU (user + system) or elapsed time > 5s
user system elapsed
frag.mas 6.569 0.114 7.915
frag.ma 4.671 0.080 6.027
Flavor: r-devel-linux-x86_64-debian-clang
Version: 1.6.1
Check: examples
Result: NOTE
Examples with CPU (user + system) or elapsed time > 5s
user system elapsed
frag.mas 4.223 0.164 5.302
Flavor: r-devel-linux-x86_64-debian-gcc