CRAN Package Check Results for Package fracture

Last updated on 2025-04-29 18:50:42 CEST.

Flavor Version Tinstall Tcheck Ttotal Status Flags
r-devel-linux-x86_64-debian-clang 0.2.1 12.86 31.59 44.45 NOTE
r-devel-linux-x86_64-debian-gcc 0.2.1 8.61 24.12 32.73 NOTE
r-devel-linux-x86_64-fedora-clang 0.2.1 74.24 NOTE
r-devel-linux-x86_64-fedora-gcc 0.2.1 65.98 NOTE
r-devel-windows-x86_64 0.2.1 15.00 66.00 81.00 NOTE
r-patched-linux-x86_64 0.2.1 11.13 28.52 39.65 NOTE
r-release-linux-x86_64 0.2.1 12.07 29.19 41.26 NOTE
r-release-macos-arm64 0.2.1 25.00 NOTE
r-release-macos-x86_64 0.2.1 37.00 NOTE
r-release-windows-x86_64 0.2.1 16.00 71.00 87.00 NOTE
r-oldrel-macos-arm64 0.2.1 25.00 NOTE
r-oldrel-macos-x86_64 0.2.1 33.00 NOTE
r-oldrel-windows-x86_64 0.2.1 14.00 72.00 86.00 NOTE

Check Details

Version: 0.2.1
Check: C++ specification
Result: NOTE Specified C++11: please drop specification unless essential Flavors: r-devel-linux-x86_64-debian-clang, r-devel-linux-x86_64-debian-gcc, r-devel-linux-x86_64-fedora-clang, r-devel-linux-x86_64-fedora-gcc, r-devel-windows-x86_64, r-patched-linux-x86_64, r-release-linux-x86_64, r-release-macos-arm64, r-release-macos-x86_64, r-release-windows-x86_64, r-oldrel-macos-arm64, r-oldrel-macos-x86_64, r-oldrel-windows-x86_64