CRAN Package Check Results for Package fracprolif

Last updated on 2025-04-29 18:50:42 CEST.

Flavor Version Tinstall Tcheck Ttotal Status Flags
r-devel-linux-x86_64-debian-clang 1.0.7 3.46 34.39 37.85 NOTE
r-devel-linux-x86_64-debian-gcc 1.0.7 2.50 25.39 27.89 NOTE
r-devel-linux-x86_64-fedora-clang 1.0.7 57.40 OK
r-devel-linux-x86_64-fedora-gcc 1.0.7 55.04 OK
r-devel-windows-x86_64 1.0.7 4.00 53.00 57.00 OK
r-patched-linux-x86_64 1.0.7 3.44 32.67 36.11 OK
r-release-linux-x86_64 1.0.7 3.02 32.01 35.03 OK
r-release-macos-arm64 1.0.7 22.00 OK
r-release-macos-x86_64 1.0.7 34.00 OK
r-release-windows-x86_64 1.0.7 4.00 58.00 62.00 OK
r-oldrel-macos-arm64 1.0.7 20.00 OK
r-oldrel-macos-x86_64 1.0.7 38.00 OK
r-oldrel-windows-x86_64 1.0.7 4.00 53.00 57.00 OK

Check Details

Version: 1.0.7
Check: CRAN incoming feasibility
Result: NOTE Maintainer: ‘Shawn Garbett <Shawn@Garbett.org>’ No Authors@R field in DESCRIPTION. Please add one, modifying Authors@R: c(person(given = "Shawn", family = "Garbett", role = c("aut", "cre"), email = "shawn@garbett.org"), person(given = "Darren", family = "Tyson", role = "aut")) as necessary. Found the following \keyword or \concept entries which likely give several index terms: File ‘fracprolif-package.Rd’: \keyword{ package, quiescence, growth } Flavors: r-devel-linux-x86_64-debian-clang, r-devel-linux-x86_64-debian-gcc

Version: 1.0.7
Check: examples
Result: NOTE Examples with CPU (user + system) or elapsed time > 5s user system elapsed q.rates 4.847 0.037 6.096 Flavor: r-devel-linux-x86_64-debian-clang