Last updated on 2025-04-29 18:50:42 CEST.
Flavor | Version | Tinstall | Tcheck | Ttotal | Status | Flags |
---|---|---|---|---|---|---|
r-devel-linux-x86_64-debian-clang | 1.0.0 | 3.23 | 23.16 | 26.39 | NOTE | |
r-devel-linux-x86_64-debian-gcc | 1.0.0 | 2.61 | 18.26 | 20.87 | NOTE | |
r-devel-linux-x86_64-fedora-clang | 1.0.0 | 40.80 | OK | |||
r-devel-linux-x86_64-fedora-gcc | 1.0.0 | 39.80 | OK | |||
r-devel-windows-x86_64 | 1.0.0 | 3.00 | 45.00 | 48.00 | OK | |
r-patched-linux-x86_64 | 1.0.0 | 3.52 | 22.19 | 25.71 | OK | |
r-release-linux-x86_64 | 1.0.0 | 3.37 | 22.46 | 25.83 | OK | |
r-release-macos-arm64 | 1.0.0 | 20.00 | OK | |||
r-release-macos-x86_64 | 1.0.0 | 29.00 | OK | |||
r-release-windows-x86_64 | 1.0.0 | 4.00 | 47.00 | 51.00 | OK | |
r-oldrel-macos-arm64 | 1.0.0 | 18.00 | OK | |||
r-oldrel-macos-x86_64 | 1.0.0 | 34.00 | OK | |||
r-oldrel-windows-x86_64 | 1.0.0 | 5.00 | 47.00 | 52.00 | OK |
Version: 1.0.0
Check: CRAN incoming feasibility
Result: NOTE
Maintainer: ‘Jean-Baptiste Ferdy <jean-baptiste.ferdy@univ-tlse3.fr>’
No Authors@R field in DESCRIPTION.
Please add one, modifying
Authors@R: person(given = "Jean-Baptiste",
family = "Ferdy",
role = c("aut", "cre"),
email = "jean-baptiste.ferdy@univ-tlse3.fr")
as necessary.
Flavors: r-devel-linux-x86_64-debian-clang, r-devel-linux-x86_64-debian-gcc