Last updated on 2025-11-04 05:51:11 CET.
| Flavor | Version | Tinstall | Tcheck | Ttotal | Status | Flags | 
|---|---|---|---|---|---|---|
| r-devel-linux-x86_64-debian-clang | 0.1.8 | 1.97 | 23.89 | 25.86 | NOTE | --no-vignettes | 
| r-devel-linux-x86_64-debian-gcc | 0.1.8 | 1.54 | 19.32 | 20.86 | NOTE | --no-vignettes | 
| r-devel-linux-x86_64-fedora-clang | 0.1.8 | 40.85 | OK | --no-vignettes | ||
| r-devel-linux-x86_64-fedora-gcc | 0.1.8 | 36.37 | OK | --no-vignettes | ||
| r-devel-windows-x86_64 | 0.1.8 | 3.00 | 61.00 | 64.00 | OK | --no-vignettes | 
| r-patched-linux-x86_64 | 0.1.8 | 2.06 | 21.53 | 23.59 | OK | --no-vignettes | 
| r-release-linux-x86_64 | 0.1.8 | 1.97 | 21.74 | 23.71 | OK | --no-vignettes | 
| r-release-macos-arm64 | 0.1.8 | 1.00 | 30.00 | 31.00 | ERROR | |
| r-release-macos-x86_64 | 0.1.8 | 2.00 | 41.00 | 43.00 | ERROR | |
| r-release-windows-x86_64 | 0.1.8 | 4.00 | 59.00 | 63.00 | OK | --no-vignettes | 
| r-oldrel-macos-arm64 | 0.1.8 | 1.00 | 28.00 | 29.00 | ERROR | |
| r-oldrel-macos-x86_64 | 0.1.8 | 2.00 | 53.00 | 55.00 | ERROR | |
| r-oldrel-windows-x86_64 | 0.1.8 | 5.00 | 53.00 | 58.00 | NOTE | --no-vignettes | 
Version: 0.1.8
Flags: --no-vignettes
Check: CRAN incoming feasibility
Result: NOTE
  Maintainer: ‘Cory Nissen <corynissen@gmail.com>’
  
  No Authors@R field in DESCRIPTION.
  Please add one, modifying
    Authors@R: person(given = "Cory",
                      family = "Nissen",
                      role = c("aut", "cre"),
                      email = "corynissen@gmail.com")
  as necessary.
Flavors: r-devel-linux-x86_64-debian-clang, r-devel-linux-x86_64-debian-gcc
Version: 0.1.8
Check: re-building of vignette outputs
Result: ERROR
  Error(s) in re-building vignettes:
  --- re-building ‘fitbitScraper-examples.Rmd’ using rmarkdown
  
  Quitting from fitbitScraper-examples.Rmd:21-24 [unnamed-chunk-1]
  ~~~~~~~~~~~~~~~~~~~~~~~~~~~~~~~~~~~~~~~~~~~~~~~~~~~~~~~~~~~~~~~~~~~~~~~~~~~~~~~~
  <error/rlang_error>
  Error in `login()`:
  ! login failed
  ---
  Backtrace:
      ▆
   1. └─fitbitScraper::login(email = "corynissen@gmail.com", password = Sys.getenv("FBPW"))
  ~~~~~~~~~~~~~~~~~~~~~~~~~~~~~~~~~~~~~~~~~~~~~~~~~~~~~~~~~~~~~~~~~~~~~~~~~~~~~~~~
  
  Error: processing vignette 'fitbitScraper-examples.Rmd' failed with diagnostics:
  login failed
  --- failed re-building ‘fitbitScraper-examples.Rmd’
  
  SUMMARY: processing the following file failed:
    ‘fitbitScraper-examples.Rmd’
  
  Error: Vignette re-building failed.
  Execution halted
Flavors: r-release-macos-arm64, r-release-macos-x86_64
Version: 0.1.8
Check: LazyData
Result: NOTE
    'LazyData' is specified without a 'data' directory
Flavors: r-oldrel-macos-arm64, r-oldrel-macos-x86_64
Version: 0.1.8
Check: re-building of vignette outputs
Result: ERROR
  Error(s) in re-building vignettes:
  --- re-building ‘fitbitScraper-examples.Rmd’ using rmarkdown
  
  Quitting from lines 22-24 [unnamed-chunk-1] (fitbitScraper-examples.Rmd)
  Error: processing vignette 'fitbitScraper-examples.Rmd' failed with diagnostics:
  login failed
  --- failed re-building ‘fitbitScraper-examples.Rmd’
  
  SUMMARY: processing the following file failed:
    ‘fitbitScraper-examples.Rmd’
  
  Error: Vignette re-building failed.
  Execution halted
Flavors: r-oldrel-macos-arm64, r-oldrel-macos-x86_64
Version: 0.1.8
Flags: --no-vignettes
Check: LazyData
Result: NOTE
    'LazyData' is specified without a 'data' directory
Flavor: r-oldrel-windows-x86_64