CRAN Package Check Results for Package fillr

Last updated on 2025-04-29 18:50:42 CEST.

Flavor Version Tinstall Tcheck Ttotal Status Flags
r-devel-linux-x86_64-debian-clang 1.0.0 1.68 20.59 22.27 OK
r-devel-linux-x86_64-debian-gcc 1.0.0 1.55 17.01 18.56 OK
r-devel-linux-x86_64-fedora-clang 1.0.0 34.03 OK
r-devel-linux-x86_64-fedora-gcc 1.0.0 32.10 OK
r-devel-windows-x86_64 1.0.0 3.00 44.00 47.00 OK
r-patched-linux-x86_64 1.0.0 2.02 18.79 20.81 OK
r-release-linux-x86_64 1.0.0 1.63 18.94 20.57 OK
r-release-macos-arm64 1.0.0 16.00 OK
r-release-macos-x86_64 1.0.0 25.00 OK
r-release-windows-x86_64 1.0.0 4.00 44.00 48.00 OK
r-oldrel-macos-arm64 1.0.0 16.00 NOTE
r-oldrel-macos-x86_64 1.0.0 24.00 NOTE
r-oldrel-windows-x86_64 1.0.0 3.00 42.00 45.00 NOTE

Check Details

Version: 1.0.0
Check: LazyData
Result: NOTE 'LazyData' is specified without a 'data' directory Flavors: r-oldrel-macos-arm64, r-oldrel-macos-x86_64, r-oldrel-windows-x86_64