Last updated on 2025-11-04 05:51:10 CET.
| Flavor | Version | Tinstall | Tcheck | Ttotal | Status | Flags | 
|---|---|---|---|---|---|---|
| r-devel-linux-x86_64-debian-clang | 2.0.5 | 139.89 | 198.05 | 337.94 | OK | |
| r-devel-linux-x86_64-debian-gcc | 2.0.5 | 91.09 | 128.49 | 219.58 | OK | |
| r-devel-linux-x86_64-fedora-clang | 2.0.5 | 378.00 | 239.60 | 617.60 | OK | |
| r-devel-linux-x86_64-fedora-gcc | 2.0.5 | 171.00 | 389.26 | 560.26 | OK | |
| r-devel-windows-x86_64 | 2.0.5 | 154.00 | 188.00 | 342.00 | OK | |
| r-patched-linux-x86_64 | 2.0.5 | 136.65 | 184.97 | 321.62 | OK | |
| r-release-linux-x86_64 | 2.0.5 | 138.29 | 185.44 | 323.73 | OK | |
| r-release-macos-arm64 | 2.0.5 | 54.00 | 72.00 | 126.00 | OK | |
| r-release-macos-x86_64 | 2.0.5 | 100.00 | 175.00 | 275.00 | OK | |
| r-release-windows-x86_64 | 2.0.5 | 151.00 | 192.00 | 343.00 | OK | |
| r-oldrel-macos-arm64 | 2.0.5 | 54.00 | 73.00 | 127.00 | NOTE | |
| r-oldrel-macos-x86_64 | 2.0.5 | 73.00 | 223.00 | 296.00 | NOTE | |
| r-oldrel-windows-x86_64 | 2.0.5 | 189.00 | 246.00 | 435.00 | NOTE | 
Version: 2.0.5
Check: package dependencies
Result: NOTE
  Package suggested but not available for checking: ‘HonestDiDFEct’
Flavors: r-oldrel-macos-arm64, r-oldrel-macos-x86_64, r-oldrel-windows-x86_64
Version: 2.0.5
Check: installed package size
Result: NOTE
    installed size is 10.2Mb
    sub-directories of 1Mb or more:
      data   1.2Mb
      libs   8.1Mb
Flavors: r-oldrel-macos-arm64, r-oldrel-macos-x86_64