CRAN Package Check Results for Package feather

Last updated on 2025-11-04 13:50:14 CET.

Flavor Version Tinstall Tcheck Ttotal Status Flags
r-devel-linux-x86_64-debian-clang 0.3.5 32.01 38.88 70.89 NOTE
r-devel-linux-x86_64-debian-gcc 0.3.5 22.29 29.25 51.54 NOTE
r-devel-linux-x86_64-fedora-clang 0.3.5 174.00 -41.81 132.19 NOTE
r-devel-linux-x86_64-fedora-gcc 0.3.5 72.00 40.86 112.86 NOTE
r-devel-windows-x86_64 0.3.5 44.00 73.00 117.00 NOTE
r-patched-linux-x86_64 0.3.5 33.15 35.28 68.43 NOTE
r-release-linux-x86_64 0.3.5 33.50 35.59 69.09 NOTE
r-release-macos-arm64 0.3.5 19.00 23.00 42.00 NOTE
r-release-macos-x86_64 0.3.5 22.00 44.00 66.00 NOTE
r-release-windows-x86_64 0.3.5 41.00 72.00 113.00 NOTE
r-oldrel-macos-arm64 0.3.5 15.00 22.00 37.00 NOTE
r-oldrel-macos-x86_64 0.3.5 15.00 30.00 45.00 NOTE
r-oldrel-windows-x86_64 0.3.5 50.00 88.00 138.00 NOTE

Additional issues

rchk

Check Details

Version: 0.3.5
Check: C++ specification
Result: NOTE Specified C++11: please drop specification unless essential Flavors: r-devel-linux-x86_64-debian-clang, r-devel-linux-x86_64-debian-gcc, r-devel-linux-x86_64-fedora-clang, r-devel-linux-x86_64-fedora-gcc, r-devel-windows-x86_64, r-patched-linux-x86_64, r-release-linux-x86_64, r-release-macos-arm64, r-release-macos-x86_64, r-release-windows-x86_64, r-oldrel-macos-arm64, r-oldrel-macos-x86_64, r-oldrel-windows-x86_64

Version: 0.3.5
Check: compiled code
Result: NOTE File ‘feather/libs/feather.so’: Found ‘_ZSt4cout’, possibly from ‘std::cout’ (C++) Object: ‘libfeather.a’ Compiled code should not call entry points which might terminate R nor write to stdout/stderr instead of to the console, nor use Fortran I/O nor system RNGs nor [v]sprintf. See ‘Writing portable packages’ in the ‘Writing R Extensions’ manual. Flavors: r-devel-linux-x86_64-debian-clang, r-devel-linux-x86_64-debian-gcc, r-devel-linux-x86_64-fedora-gcc, r-patched-linux-x86_64, r-release-linux-x86_64

Version: 0.3.5
Check: compiled code
Result: NOTE File ‘feather/libs/feather.so’: Found ‘_ZNSt3__14coutE’, possibly from ‘std::cout’ (C++) Object: ‘libfeather.a’ Compiled code should not call entry points which might terminate R nor write to stdout/stderr instead of to the console, nor use Fortran I/O nor system RNGs nor [v]sprintf. See ‘Writing portable packages’ in the ‘Writing R Extensions’ manual. Flavor: r-devel-linux-x86_64-fedora-clang

Version: 0.3.5
Check: compiled code
Result: NOTE File 'feather/libs/x64/feather.dll': Found '_ZSt4cout', possibly from 'std::cout' (C++) Object: 'libfeather.a' Compiled code should not call entry points which might terminate R nor write to stdout/stderr instead of to the console, nor use Fortran I/O nor system RNGs nor [v]sprintf. See 'Writing portable packages' in the 'Writing R Extensions' manual. Flavors: r-devel-windows-x86_64, r-release-windows-x86_64

Version: 0.3.5
Check: compiled code
Result: NOTE File ‘feather/libs/feather.so’: Found ‘__ZNSt3__14coutE’, possibly from ‘std::cout’ (C++) Object: ‘libfeather.a’ Compiled code should not call entry points which might terminate R nor write to stdout/stderr instead of to the console, nor use Fortran I/O nor system RNGs nor [v]sprintf. See ‘Writing portable packages’ in the ‘Writing R Extensions’ manual. Flavors: r-release-macos-arm64, r-release-macos-x86_64

Version: 0.3.5
Check: LazyData
Result: NOTE 'LazyData' is specified without a 'data' directory Flavors: r-oldrel-macos-arm64, r-oldrel-macos-x86_64, r-oldrel-windows-x86_64