Last updated on 2025-11-04 13:50:14 CET.
| Flavor | Version | Tinstall | Tcheck | Ttotal | Status | Flags |
|---|---|---|---|---|---|---|
| r-devel-linux-x86_64-debian-clang | 2.4.2 | 86.04 | 198.17 | 284.21 | OK | |
| r-devel-linux-x86_64-debian-gcc | 2.4.2 | 56.92 | 121.11 | 178.03 | OK | |
| r-devel-linux-x86_64-fedora-clang | 2.4.2 | 254.00 | 264.69 | 518.69 | OK | |
| r-devel-linux-x86_64-fedora-gcc | 2.4.2 | 153.00 | 310.00 | 463.00 | OK | |
| r-devel-windows-x86_64 | 2.4.2 | 95.00 | 217.00 | 312.00 | OK | |
| r-patched-linux-x86_64 | 2.4.2 | 82.27 | 189.62 | 271.89 | OK | |
| r-release-linux-x86_64 | 2.4.2 | 80.34 | 188.69 | 269.03 | OK | |
| r-release-macos-arm64 | 2.4.2 | 31.00 | 72.00 | 103.00 | OK | |
| r-release-macos-x86_64 | 2.4.2 | 39.00 | 187.00 | 226.00 | OK | |
| r-release-windows-x86_64 | 2.4.2 | 96.00 | 213.00 | 309.00 | OK | |
| r-oldrel-macos-arm64 | 2.4.2 | 38.00 | 76.00 | 114.00 | NOTE | |
| r-oldrel-macos-x86_64 | 2.4.2 | 46.00 | 177.00 | 223.00 | NOTE | |
| r-oldrel-windows-x86_64 | 2.4.2 | 118.00 | 289.00 | 407.00 | NOTE |
Version: 2.4.2
Check: installed package size
Result: NOTE
installed size is 8.7Mb
sub-directories of 1Mb or more:
data 2.3Mb
libs 4.8Mb
Flavors: r-oldrel-macos-arm64, r-oldrel-macos-x86_64, r-oldrel-windows-x86_64