Last updated on 2025-04-29 06:49:42 CEST.
Flavor | Version | Tinstall | Tcheck | Ttotal | Status | Flags |
---|---|---|---|---|---|---|
r-devel-linux-x86_64-debian-clang | 1.0 | 2.83 | 19.85 | 22.68 | OK | |
r-devel-linux-x86_64-debian-gcc | 1.0 | 1.82 | 16.88 | 18.70 | NOTE | |
r-devel-linux-x86_64-fedora-clang | 1.0 | 35.88 | OK | |||
r-devel-linux-x86_64-fedora-gcc | 1.0 | 34.32 | OK | |||
r-devel-windows-x86_64 | 1.0 | 4.00 | 45.00 | 49.00 | OK | |
r-patched-linux-x86_64 | 1.0 | 2.63 | 19.54 | 22.17 | OK | |
r-release-linux-x86_64 | 1.0 | 2.60 | 19.57 | 22.17 | OK | |
r-release-macos-arm64 | 1.0 | 18.00 | OK | |||
r-release-macos-x86_64 | 1.0 | 25.00 | OK | |||
r-release-windows-x86_64 | 1.0 | 4.00 | 44.00 | 48.00 | OK | |
r-oldrel-macos-arm64 | 1.0 | 17.00 | OK | |||
r-oldrel-macos-x86_64 | 1.0 | 22.00 | OK | |||
r-oldrel-windows-x86_64 | 1.0 | 5.00 | 46.00 | 51.00 | OK |
Version: 1.0
Check: CRAN incoming feasibility
Result: NOTE
Maintainer: ‘Georg Hahn <ghahn@hsph.harvard.edu>’
No Authors@R field in DESCRIPTION.
Please add one, modifying
Authors@R: person(given = "Georg",
family = "Hahn",
role = c("aut", "cre"),
email = "ghahn@hsph.harvard.edu")
as necessary.
Flavor: r-devel-linux-x86_64-debian-gcc