CRAN Package Check Results for Package fBonds

Last updated on 2025-04-29 18:50:42 CEST.

Flavor Version Tinstall Tcheck Ttotal Status Flags
r-devel-linux-x86_64-debian-clang 3042.78 4.78 40.89 45.67 NOTE
r-devel-linux-x86_64-debian-gcc 3042.78 3.35 29.98 33.33 NOTE
r-devel-linux-x86_64-fedora-clang 3042.78 72.46 OK
r-devel-linux-x86_64-fedora-gcc 3042.78 67.85 OK
r-devel-windows-x86_64 3042.78 5.00 54.00 59.00 OK
r-patched-linux-x86_64 3042.78 4.67 39.32 43.99 OK
r-release-linux-x86_64 3042.78 4.02 38.84 42.86 OK
r-release-macos-arm64 3042.78 25.00 OK
r-release-macos-x86_64 3042.78 51.00 OK
r-release-windows-x86_64 3042.78 5.00 54.00 59.00 OK
r-oldrel-macos-arm64 3042.78 24.00 NOTE
r-oldrel-macos-x86_64 3042.78 41.00 NOTE
r-oldrel-windows-x86_64 3042.78 6.00 64.00 70.00 NOTE

Check Details

Version: 3042.78
Check: CRAN incoming feasibility
Result: NOTE Maintainer: ‘Tobias Setz <tobias.setz@live.com>’ No Authors@R field in DESCRIPTION. Please add one, modifying Authors@R: c(person(given = "Diethelm", family = "Wuertz", role = "aut"), person(given = "Tobias", family = "Setz", role = "cre", email = "tobias.setz@live.com")) as necessary. Flavors: r-devel-linux-x86_64-debian-clang, r-devel-linux-x86_64-debian-gcc

Version: 3042.78
Check: LazyData
Result: NOTE 'LazyData' is specified without a 'data' directory Flavors: r-oldrel-macos-arm64, r-oldrel-macos-x86_64, r-oldrel-windows-x86_64