Last updated on 2025-04-29 06:49:41 CEST.
Flavor | Version | Tinstall | Tcheck | Ttotal | Status | Flags |
---|---|---|---|---|---|---|
r-devel-linux-x86_64-debian-clang | 0.1-8 | 1.81 | 19.96 | 21.77 | OK | |
r-devel-linux-x86_64-debian-gcc | 0.1-8 | 1.53 | 16.45 | 17.98 | NOTE | |
r-devel-linux-x86_64-fedora-clang | 0.1-8 | 34.38 | OK | |||
r-devel-linux-x86_64-fedora-gcc | 0.1-8 | 32.64 | OK | |||
r-devel-windows-x86_64 | 0.1-8 | 3.00 | 43.00 | 46.00 | OK | |
r-patched-linux-x86_64 | 0.1-8 | 1.79 | 19.55 | 21.34 | OK | |
r-release-linux-x86_64 | 0.1-8 | 1.87 | 19.53 | 21.40 | OK | |
r-release-macos-arm64 | 0.1-8 | 17.00 | OK | |||
r-release-macos-x86_64 | 0.1-8 | 24.00 | OK | |||
r-release-windows-x86_64 | 0.1-8 | 3.00 | 47.00 | 50.00 | OK | |
r-oldrel-macos-arm64 | 0.1-8 | 15.00 | OK | |||
r-oldrel-macos-x86_64 | 0.1-8 | 21.00 | OK | |||
r-oldrel-windows-x86_64 | 0.1-8 | 2.00 | 42.00 | 44.00 | OK |
Version: 0.1-8
Check: CRAN incoming feasibility
Result: NOTE
Maintainer: ‘Jens Hainmueller <jhain@stanford.edu>’
No Authors@R field in DESCRIPTION.
Please add one, modifying
Authors@R: person(given = "Jens",
family = "Hainmueller",
role = c("aut", "cre"),
email = "jhain@stanford.edu")
as necessary.
Flavor: r-devel-linux-x86_64-debian-gcc