Last updated on 2025-04-29 18:50:41 CEST.
Flavor | Version | Tinstall | Tcheck | Ttotal | Status | Flags |
---|---|---|---|---|---|---|
r-devel-linux-x86_64-debian-clang | 1.10-1 | 3.25 | 45.79 | 49.04 | NOTE | |
r-devel-linux-x86_64-debian-gcc | 1.10-1 | 3.04 | 32.95 | 35.99 | OK | |
r-devel-linux-x86_64-fedora-clang | 1.10-1 | 84.73 | OK | |||
r-devel-linux-x86_64-fedora-gcc | 1.10-1 | 75.23 | OK | |||
r-devel-windows-x86_64 | 1.10-1 | 5.00 | 75.00 | 80.00 | OK | |
r-patched-linux-x86_64 | 1.10-1 | 5.10 | 44.40 | 49.50 | OK | |
r-release-linux-x86_64 | 1.10-1 | 4.36 | 42.88 | 47.24 | OK | |
r-release-macos-arm64 | 1.10-1 | 27.00 | OK | |||
r-release-macos-x86_64 | 1.10-1 | 40.00 | OK | |||
r-release-windows-x86_64 | 1.10-1 | 6.00 | 77.00 | 83.00 | OK | |
r-oldrel-macos-arm64 | 1.10-1 | 29.00 | OK | |||
r-oldrel-macos-x86_64 | 1.10-1 | 44.00 | OK | |||
r-oldrel-windows-x86_64 | 1.10-1 | 7.00 | 80.00 | 87.00 | OK |
Version: 1.10-1
Check: examples
Result: NOTE
Examples with CPU (user + system) or elapsed time > 5s
user system elapsed
simulate.eba 4.881 0.003 5.961
Flavor: r-devel-linux-x86_64-debian-clang