Last updated on 2025-04-29 18:50:41 CEST.
Flavor | Version | Tinstall | Tcheck | Ttotal | Status | Flags |
---|---|---|---|---|---|---|
r-devel-linux-x86_64-debian-clang | 0.4-7 | 36.95 | 85.16 | 122.11 | OK | |
r-devel-linux-x86_64-debian-gcc | 0.4-7 | 28.01 | 58.41 | 86.42 | OK | |
r-devel-linux-x86_64-fedora-clang | 0.4-7 | 179.45 | OK | |||
r-devel-linux-x86_64-fedora-gcc | 0.4-7 | 182.20 | OK | |||
r-devel-windows-x86_64 | 0.4-7 | 42.00 | 116.00 | 158.00 | OK | |
r-patched-linux-x86_64 | 0.4-7 | 39.05 | 78.88 | 117.93 | OK | |
r-release-linux-x86_64 | 0.4-7 | 37.40 | 77.72 | 115.12 | OK | |
r-release-macos-arm64 | 0.4-7 | 72.00 | OK | |||
r-release-macos-x86_64 | 0.4-7 | 115.00 | OK | |||
r-release-windows-x86_64 | 0.4-7 | 41.00 | 111.00 | 152.00 | OK | |
r-oldrel-macos-arm64 | 0.4-7 | 57.00 | NOTE | |||
r-oldrel-macos-x86_64 | 0.4-7 | 151.00 | NOTE | |||
r-oldrel-windows-x86_64 | 0.4-7 | 45.00 | 138.00 | 183.00 | OK |
Version: 0.4-7
Check: installed package size
Result: NOTE
installed size is 5.6Mb
sub-directories of 1Mb or more:
libs 5.4Mb
Flavors: r-oldrel-macos-arm64, r-oldrel-macos-x86_64