Last updated on 2025-11-04 05:51:09 CET.
| Flavor | Version | Tinstall | Tcheck | Ttotal | Status | Flags | 
|---|---|---|---|---|---|---|
| r-devel-linux-x86_64-debian-clang | 1.0.4 | 8.29 | 101.52 | 109.81 | NOTE | |
| r-devel-linux-x86_64-debian-gcc | 1.0.4 | 6.50 | 76.06 | 82.56 | NOTE | |
| r-devel-linux-x86_64-fedora-clang | 1.0.4 | 20.00 | 149.89 | 169.89 | OK | |
| r-devel-linux-x86_64-fedora-gcc | 1.0.4 | 19.00 | 146.34 | 165.34 | OK | |
| r-devel-windows-x86_64 | 1.0.4 | 12.00 | 107.00 | 119.00 | OK | |
| r-patched-linux-x86_64 | 1.0.4 | 9.03 | 95.44 | 104.47 | OK | |
| r-release-linux-x86_64 | 1.0.4 | 7.46 | 96.47 | 103.93 | OK | |
| r-release-macos-arm64 | 1.0.4 | 4.00 | 51.00 | 55.00 | OK | |
| r-release-macos-x86_64 | 1.0.4 | 8.00 | 96.00 | 104.00 | OK | |
| r-release-windows-x86_64 | 1.0.4 | 11.00 | 106.00 | 117.00 | OK | |
| r-oldrel-macos-arm64 | 1.0.4 | 4.00 | 49.00 | 53.00 | NOTE | |
| r-oldrel-macos-x86_64 | 1.0.4 | 6.00 | 75.00 | 81.00 | NOTE | |
| r-oldrel-windows-x86_64 | 1.0.4 | 15.00 | 137.00 | 152.00 | NOTE | 
Version: 1.0.4
Check: DESCRIPTION meta-information
Result: NOTE
  Author field differs from that derived from Authors@R
    Author:    ‘Robrecht Cannoodt [aut, cre] (<https://orcid.org/0000-0003-3641-729X>, rcannood), Wouter Saelens [aut] (<https://orcid.org/0000-0002-7114-6248>, zouter)’
    Authors@R: ‘Robrecht Cannoodt [aut, cre] (ORCID: <https://orcid.org/0000-0003-3641-729X>, github: rcannood), Wouter Saelens [aut] (ORCID: <https://orcid.org/0000-0002-7114-6248>, github: zouter)’
Flavors: r-devel-linux-x86_64-debian-clang, r-devel-linux-x86_64-debian-gcc
Version: 1.0.4
Check: package dependencies
Result: NOTE
  Package suggested but not available for checking: ‘lle’
Flavors: r-oldrel-macos-arm64, r-oldrel-macos-x86_64, r-oldrel-windows-x86_64
Version: 1.0.4
Check: LazyData
Result: NOTE
    'LazyData' is specified without a 'data' directory
Flavors: r-oldrel-macos-arm64, r-oldrel-macos-x86_64, r-oldrel-windows-x86_64