Last updated on 2025-11-03 05:50:39 CET.
| Flavor | Version | Tinstall | Tcheck | Ttotal | Status | Flags |
|---|---|---|---|---|---|---|
| r-devel-linux-x86_64-debian-clang | 1.1.0 | 8.57 | 76.17 | 84.74 | NOTE | |
| r-devel-linux-x86_64-debian-gcc | 1.1.0 | 6.60 | 54.78 | 61.38 | NOTE | |
| r-devel-linux-x86_64-fedora-clang | 1.1.0 | 20.00 | 108.26 | 128.26 | OK | |
| r-devel-linux-x86_64-fedora-gcc | 1.1.0 | 18.00 | 113.58 | 131.58 | OK | |
| r-devel-windows-x86_64 | 1.1.0 | 10.00 | 79.00 | 89.00 | NOTE | |
| r-patched-linux-x86_64 | 1.1.0 | 8.43 | 68.45 | 76.88 | NOTE | |
| r-release-linux-x86_64 | 1.1.0 | 8.72 | 68.40 | 77.12 | NOTE | |
| r-release-macos-arm64 | 1.1.0 | 3.00 | 35.00 | 38.00 | OK | |
| r-release-macos-x86_64 | 1.1.0 | 6.00 | 68.00 | 74.00 | OK | |
| r-release-windows-x86_64 | 1.1.0 | 10.00 | 77.00 | 87.00 | NOTE | |
| r-oldrel-macos-arm64 | 1.1.0 | 3.00 | 35.00 | 38.00 | OK | |
| r-oldrel-macos-x86_64 | 1.1.0 | 5.00 | 49.00 | 54.00 | OK | |
| r-oldrel-windows-x86_64 | 1.1.0 | 14.00 | 98.00 | 112.00 | OK |
Version: 1.1.0
Check: Rd cross-references
Result: NOTE
Found the following Rd file(s) with Rd \link{} targets missing package
anchors:
cfaHB.Rd: lavaan, cfa, model.syntax
cfaOne.Rd: lavaan, cfa, model.syntax
equivTest.Rd: lavaan
exactFit.Rd: lavaan, cfa, model.syntax
Please provide package anchors for all Rd \link{} targets not in the
package itself and the base packages.
Flavors: r-devel-linux-x86_64-debian-clang, r-devel-linux-x86_64-debian-gcc, r-devel-windows-x86_64, r-patched-linux-x86_64, r-release-linux-x86_64, r-release-windows-x86_64